Last updated on 2021-01-25 00:48:08 CET.
Flavor | Version | Tinstall | Tcheck | Ttotal | Status | Flags |
---|---|---|---|---|---|---|
r-devel-linux-x86_64-debian-clang | 0.3.1 | 7.23 | 62.93 | 70.16 | OK | |
r-devel-linux-x86_64-debian-gcc | 0.3.1 | 5.66 | 48.17 | 53.83 | OK | |
r-devel-linux-x86_64-fedora-clang | 0.3.1 | 90.36 | NOTE | |||
r-devel-linux-x86_64-fedora-gcc | 0.3.1 | 80.63 | OK | |||
r-devel-windows-ix86+x86_64 | 0.3.1 | 18.00 | 72.00 | 90.00 | OK | |
r-patched-linux-x86_64 | 0.3.1 | 7.38 | 59.29 | 66.67 | OK | |
r-patched-solaris-x86 | 0.3.1 | 119.10 | OK | |||
r-release-linux-x86_64 | 0.3.1 | 7.50 | 58.96 | 66.46 | OK | |
r-release-macos-x86_64 | 0.3.1 | OK | ||||
r-release-windows-ix86+x86_64 | 0.3.1 | 37.00 | 86.00 | 123.00 | OK | |
r-oldrel-macos-x86_64 | 0.3.1 | OK | ||||
r-oldrel-windows-ix86+x86_64 | 0.3.1 | 11.00 | 78.00 | 89.00 | OK |
Version: 0.3.1
Check: Rd cross-references
Result: NOTE
Undeclared package ‘readroper’ in Rd xrefs
Flavor: r-devel-linux-x86_64-fedora-clang