CRAN Package Check Results for Package roxygen2md

Last updated on 2021-01-25 00:48:08 CET.

Flavor Version Tinstall Tcheck Ttotal Status Flags
r-devel-linux-x86_64-debian-clang 1.0.0 3.70 31.73 35.43 OK
r-devel-linux-x86_64-debian-gcc 1.0.0 2.53 25.62 28.15 OK
r-devel-linux-x86_64-fedora-clang 1.0.0 50.67 NOTE
r-devel-linux-x86_64-fedora-gcc 1.0.0 40.87 NOTE
r-devel-windows-ix86+x86_64 1.0.0 8.00 42.00 50.00 OK
r-patched-linux-x86_64 1.0.0 3.39 30.98 34.37 OK
r-patched-solaris-x86 1.0.0 60.80 NOTE
r-release-linux-x86_64 1.0.0 3.58 30.79 34.37 OK
r-release-macos-x86_64 1.0.0 NOTE
r-release-windows-ix86+x86_64 1.0.0 19.00 51.00 70.00 OK
r-oldrel-macos-x86_64 1.0.0 NOTE
r-oldrel-windows-ix86+x86_64 1.0.0 5.00 40.00 45.00 OK

Check Details

Version: 1.0.0
Check: dependencies in R code
Result: NOTE
    Namespace in Imports field not imported from: ‘withr’
     All declared Imports should be used.
Flavors: r-devel-linux-x86_64-fedora-clang, r-devel-linux-x86_64-fedora-gcc, r-patched-solaris-x86, r-release-macos-x86_64, r-oldrel-macos-x86_64