Last updated on 2021-01-25 00:48:08 CET.
Flavor | Version | Tinstall | Tcheck | Ttotal | Status | Flags |
---|---|---|---|---|---|---|
r-devel-linux-x86_64-debian-clang | 4.1-15 | 9.42 | 70.89 | 80.31 | OK | |
r-devel-linux-x86_64-debian-gcc | 4.1-15 | 6.86 | 55.44 | 62.30 | OK | |
r-devel-linux-x86_64-fedora-clang | 4.1-15 | 107.86 | NOTE | |||
r-devel-linux-x86_64-fedora-gcc | 4.1-15 | 97.78 | OK | |||
r-devel-windows-ix86+x86_64 | 4.1-15 | 40.00 | 93.00 | 133.00 | OK | |
r-patched-linux-x86_64 | 4.1-15 | 7.71 | 67.66 | 75.37 | OK | |
r-patched-solaris-x86 | 4.1-15 | OK | ||||
r-release-linux-x86_64 | 4.1-15 | 9.09 | 68.16 | 77.25 | OK | |
r-release-macos-x86_64 | 4.1-15 | OK | ||||
r-release-windows-ix86+x86_64 | 4.1-15 | 37.00 | 113.00 | 150.00 | OK | |
r-oldrel-macos-x86_64 | 4.1-15 | OK | ||||
r-oldrel-windows-ix86+x86_64 | 4.1-15 | 35.00 | 112.00 | 147.00 | OK |
Version: 4.1-15
Check: Rd cross-references
Result: NOTE
Undeclared package ‘tree’ in Rd xrefs
Flavor: r-devel-linux-x86_64-fedora-clang