Last updated on 2021-01-25 00:48:09 CET.
Flavor | Version | Tinstall | Tcheck | Ttotal | Status | Flags |
---|---|---|---|---|---|---|
r-devel-linux-x86_64-debian-clang | 0.2.2 | 4.87 | 31.24 | 36.11 | OK | |
r-devel-linux-x86_64-debian-gcc | 0.2.2 | 3.74 | 24.44 | 28.18 | OK | |
r-devel-linux-x86_64-fedora-clang | 0.2.2 | 51.92 | NOTE | |||
r-devel-linux-x86_64-fedora-gcc | 0.2.2 | 41.18 | NOTE | |||
r-patched-linux-x86_64 | 0.2.2 | 5.03 | 30.01 | 35.04 | OK | |
r-release-linux-x86_64 | 0.2.2 | 4.43 | 30.24 | 34.67 | OK | |
r-release-macos-x86_64 | 0.2.2 | ERROR | ||||
r-oldrel-macos-x86_64 | 0.2.2 | ERROR |
Version: 0.2.2
Check: installed package size
Result: NOTE
installed size is 13.1Mb
sub-directories of 1Mb or more:
extdata 12.8Mb
Flavor: r-devel-linux-x86_64-fedora-clang
Version: 0.2.2
Check: top-level files
Result: NOTE
‘configure’: ‘env bash’ is not portable as bash need not be installed
Flavors: r-devel-linux-x86_64-fedora-clang, r-devel-linux-x86_64-fedora-gcc
Version: 0.2.2
Check: whether package can be installed
Result: ERROR
Installation failed.
Flavors: r-release-macos-x86_64, r-oldrel-macos-x86_64