CRAN Package Check Results for Package rsbp

Last updated on 2021-01-25 00:48:09 CET.

Flavor Version Tinstall Tcheck Ttotal Status Flags
r-devel-linux-x86_64-debian-clang 0.1.0 3.04 28.63 31.67 OK
r-devel-linux-x86_64-debian-gcc 0.1.0 2.33 22.49 24.82 OK
r-devel-linux-x86_64-fedora-clang 0.1.0 46.84 NOTE
r-devel-linux-x86_64-fedora-gcc 0.1.0 36.84 NOTE
r-devel-windows-ix86+x86_64 0.1.0 7.00 39.00 46.00 OK
r-patched-linux-x86_64 0.1.0 2.87 27.74 30.61 OK
r-patched-solaris-x86 0.1.0 57.80 NOTE
r-release-linux-x86_64 0.1.0 3.00 27.97 30.97 OK
r-release-macos-x86_64 0.1.0 NOTE
r-release-windows-ix86+x86_64 0.1.0 7.00 46.00 53.00 OK
r-oldrel-macos-x86_64 0.1.0 NOTE
r-oldrel-windows-ix86+x86_64 0.1.0 4.00 42.00 46.00 OK

Check Details

Version: 0.1.0
Check: dependencies in R code
Result: NOTE
    Namespaces in Imports field not imported from:
     ‘dplyr’ ‘lubridate’ ‘reshape2’ ‘tidyr’
     All declared Imports should be used.
Flavors: r-devel-linux-x86_64-fedora-clang, r-devel-linux-x86_64-fedora-gcc, r-patched-solaris-x86, r-release-macos-x86_64, r-oldrel-macos-x86_64