CRAN Package Check Results for Package rscala

Last updated on 2021-01-25 00:48:09 CET.

Flavor Version Tinstall Tcheck Ttotal Status Flags
r-devel-linux-x86_64-debian-clang 3.2.19 20.24 150.02 170.26 OK
r-devel-linux-x86_64-debian-gcc 3.2.19 19.00 114.13 133.13 OK
r-devel-linux-x86_64-fedora-clang 3.2.19 177.43 OK
r-devel-linux-x86_64-fedora-gcc 3.2.19 170.72 OK
r-devel-windows-ix86+x86_64 3.2.19 17.00 233.00 250.00 OK
r-patched-linux-x86_64 3.2.19 20.68 146.81 167.49 OK
r-release-linux-x86_64 3.2.19 19.48 145.95 165.43 OK
r-release-macos-x86_64 3.2.19 NOTE
r-release-windows-ix86+x86_64 3.2.19 15.00 241.00 256.00 OK
r-oldrel-macos-x86_64 3.2.19 NOTE
r-oldrel-windows-ix86+x86_64 3.2.19 13.00 247.00 260.00 OK

Check Details

Version: 3.2.19
Check: installed package size
Result: NOTE
     installed size is 21.4Mb
     sub-directories of 1Mb or more:
     dependencies 20.2Mb
Flavors: r-release-macos-x86_64, r-oldrel-macos-x86_64