CRAN Package Check Results for Package rsm

Last updated on 2021-01-25 00:48:09 CET.

Flavor Version Tinstall Tcheck Ttotal Status Flags
r-devel-linux-x86_64-debian-clang 2.10.2 4.72 100.94 105.66 OK
r-devel-linux-x86_64-debian-gcc 2.10.2 4.07 77.19 81.26 OK
r-devel-linux-x86_64-fedora-clang 2.10.2 138.82 OK
r-devel-linux-x86_64-fedora-gcc 2.10.2 132.62 OK
r-devel-windows-ix86+x86_64 2.10.2 18.00 133.00 151.00 OK
r-patched-linux-x86_64 2.10.2 4.10 92.93 97.03 OK
r-patched-solaris-x86 2.10.2 161.10 OK
r-release-linux-x86_64 2.10.2 3.84 92.29 96.13 WARN
r-release-macos-x86_64 2.10.2 OK
r-release-windows-ix86+x86_64 2.10.2 15.00 125.00 140.00 OK
r-oldrel-macos-x86_64 2.10.2 OK
r-oldrel-windows-ix86+x86_64 2.10.2 14.00 121.00 135.00 OK

Check Details

Version: 2.10.2
Check: re-building of vignette outputs
Result: WARN
    Error(s) in re-building vignettes:
     ...
    --- re-building ‘rs-illus.Rtex’ using Sweave
    --- finished re-building ‘rs-illus.Rtex’
    
    --- re-building ‘rsm-plots.Rtex’ using Sweave
    Warning in title(sub = dat$labs[5], ...) :
     "shade" is not a graphical parameter
    --- finished re-building ‘rsm-plots.Rtex’
    
    --- re-building ‘rsm.Rtex’ using Sweave
    Near-stationary-ridge situation detected -- stationary point altered
     Change 'threshold' if this is not what you intend
    Near-stationary-ridge situation detected -- stationary point altered
     Change 'threshold' if this is not what you intend
    Near-stationary-ridge situation detected -- stationary point altered
     Change 'threshold' if this is not what you intend
    Error: processing vignette 'rsm.Rtex' failed with diagnostics:
    Running ‘texi2dvi’ on ‘rsm.tex’ failed.
    LaTeX errors:
    ! Undefined control sequence.
    <recently read> \Hy@colorlink
    
    l.70 \begin{document}
    
    ! Undefined control sequence.
    \close@pdflink ->\Hy@endcolorlink
     \Hy@VerboseLinkStop \pdfendlink
    l.70 \begin{document}
    
    ! Undefined control sequence.
    <recently read> \Hy@colorlink
    
    l.70 \begin{document}
    
    ! Undefined control sequence.
    \close@pdflink ->\Hy@endcolorlink
     \Hy@VerboseLinkStop \pdfendlink
    l.70 \begin{document}
    
    --- failed re-building ‘rsm.Rtex’
    
    SUMMARY: processing the following file failed:
     ‘rsm.Rtex’
    
    Error: Vignette re-building failed.
    Execution halted
Flavor: r-release-linux-x86_64