Last updated on 2021-01-25 00:48:09 CET.
Flavor | Version | Tinstall | Tcheck | Ttotal | Status | Flags |
---|---|---|---|---|---|---|
r-devel-linux-x86_64-debian-clang | 0.3.6 | 24.62 | 162.40 | 187.02 | OK | |
r-devel-linux-x86_64-debian-gcc | 0.3.6 | 19.73 | 119.45 | 139.18 | OK | |
r-devel-linux-x86_64-fedora-clang | 0.3.6 | 224.54 | NOTE | |||
r-devel-linux-x86_64-fedora-gcc | 0.3.6 | 226.34 | OK | |||
r-patched-linux-x86_64 | 0.3.6 | 23.93 | 151.35 | 175.28 | OK | |
r-patched-solaris-x86 | 0.3.6 | 262.20 | NOTE | |||
r-release-linux-x86_64 | 0.3.6 | 22.06 | 152.58 | 174.64 | OK | |
r-release-macos-x86_64 | 0.3.6 | NOTE | ||||
r-release-windows-ix86+x86_64 | 0.3.6 | 43.00 | 192.00 | 235.00 | NOTE | |
r-oldrel-macos-x86_64 | 0.3.6 | NOTE |
Version: 0.3.6
Check: installed package size
Result: NOTE
installed size is 6.0Mb
sub-directories of 1Mb or more:
R 1.1Mb
bootstrap 1.6Mb
data 2.2Mb
Flavors: r-devel-linux-x86_64-fedora-clang, r-patched-solaris-x86, r-release-macos-x86_64, r-release-windows-ix86+x86_64, r-oldrel-macos-x86_64