CRAN Package Check Results for Package rubias

Last updated on 2021-01-25 00:48:09 CET.

Flavor Version Tinstall Tcheck Ttotal Status Flags
r-devel-linux-x86_64-debian-clang 0.3.2 104.11 197.78 301.89 NOTE
r-devel-linux-x86_64-debian-gcc 0.3.2 65.32 150.11 215.43 NOTE
r-devel-linux-x86_64-fedora-clang 0.3.2 386.50 NOTE
r-devel-linux-x86_64-fedora-gcc 0.3.2 366.11 NOTE
r-devel-windows-ix86+x86_64 0.3.2 247.00 258.00 505.00 NOTE
r-patched-linux-x86_64 0.3.2 78.83 195.20 274.03 NOTE
r-patched-solaris-x86 0.3.2 455.70 NOTE
r-release-linux-x86_64 0.3.2 83.04 194.09 277.13 NOTE
r-release-macos-x86_64 0.3.2 NOTE
r-release-windows-ix86+x86_64 0.3.2 196.00 235.00 431.00 NOTE
r-oldrel-macos-x86_64 0.3.2 NOTE
r-oldrel-windows-ix86+x86_64 0.3.2 182.00 291.00 473.00 NOTE

Check Details

Version: 0.3.2
Check: for GNU extensions in Makefiles
Result: NOTE
    GNU make is a SystemRequirements.
Flavors: r-devel-linux-x86_64-debian-clang, r-devel-linux-x86_64-debian-gcc, r-devel-linux-x86_64-fedora-clang, r-devel-linux-x86_64-fedora-gcc, r-devel-windows-ix86+x86_64, r-patched-linux-x86_64, r-patched-solaris-x86, r-release-linux-x86_64, r-release-macos-x86_64, r-release-windows-ix86+x86_64, r-oldrel-macos-x86_64, r-oldrel-windows-ix86+x86_64

Version: 0.3.2
Check: installed package size
Result: NOTE
     installed size is 5.8Mb
     sub-directories of 1Mb or more:
     libs 4.1Mb
Flavor: r-devel-linux-x86_64-fedora-clang