CRAN Package Check Results for Package scMappR

Last updated on 2021-01-25 00:48:09 CET.

Flavor Version Tinstall Tcheck Ttotal Status Flags
r-devel-linux-x86_64-debian-clang 0.1.5 42.68 411.46 454.14 OK
r-devel-linux-x86_64-debian-gcc 0.1.5 36.59 310.44 347.03 OK
r-devel-linux-x86_64-fedora-clang 0.1.5 576.06 OK
r-devel-linux-x86_64-fedora-gcc 0.1.5 568.88 OK
r-devel-windows-ix86+x86_64 0.1.5 103.00 418.00 521.00 OK
r-patched-linux-x86_64 0.1.5 32.32 381.39 413.71 OK
r-patched-solaris-x86 0.1.5 771.50 OK
r-release-linux-x86_64 0.1.5 31.79 381.60 413.39 OK
r-release-macos-x86_64 0.1.5 ERROR
r-release-windows-ix86+x86_64 0.1.5 114.00 478.00 592.00 OK
r-oldrel-macos-x86_64 0.1.5 ERROR
r-oldrel-windows-ix86+x86_64 0.1.1 78.00 400.00 478.00 OK

Check Details

Version: 0.1.5
Check: package dependencies
Result: ERROR
    Package required but not available: ‘ADAPTS’
    
    See section ‘The DESCRIPTION file’ in the ‘Writing R Extensions’
    manual.
Flavors: r-release-macos-x86_64, r-oldrel-macos-x86_64