CRAN Package Check Results for Package scales

Last updated on 2021-01-25 00:48:09 CET.

Flavor Version Tinstall Tcheck Ttotal Status Flags
r-devel-linux-x86_64-debian-clang 1.1.1 7.54 61.03 68.57 OK
r-devel-linux-x86_64-debian-gcc 1.1.1 5.43 46.21 51.64 OK
r-devel-linux-x86_64-fedora-clang 1.1.1 87.44 NOTE
r-devel-linux-x86_64-fedora-gcc 1.1.1 78.77 OK
r-devel-windows-ix86+x86_64 1.1.1 14.00 76.00 90.00 OK
r-patched-linux-x86_64 1.1.1 7.31 56.54 63.85 OK
r-patched-solaris-x86 1.1.1 107.80 OK
r-release-linux-x86_64 1.1.1 7.18 56.95 64.13 OK
r-release-macos-x86_64 1.1.1 OK
r-release-windows-ix86+x86_64 1.1.1 14.00 85.00 99.00 OK
r-oldrel-macos-x86_64 1.1.1 OK
r-oldrel-windows-ix86+x86_64 1.1.1 10.00 88.00 98.00 OK

Check Details

Version: 1.1.1
Check: Rd cross-references
Result: NOTE
    Undeclared package ‘plyr’ in Rd xrefs
Flavor: r-devel-linux-x86_64-fedora-clang