Last updated on 2021-01-25 00:48:09 CET.
Flavor | Version | Tinstall | Tcheck | Ttotal | Status | Flags |
---|---|---|---|---|---|---|
r-devel-linux-x86_64-debian-clang | 1.0.1 | 6.04 | 24.10 | 30.14 | OK | |
r-devel-linux-x86_64-debian-gcc | 1.0.1 | 3.82 | 18.66 | 22.48 | OK | |
r-devel-linux-x86_64-fedora-clang | 1.0.1 | 43.33 | NOTE | |||
r-devel-linux-x86_64-fedora-gcc | 1.0.1 | 34.42 | NOTE | |||
r-devel-windows-ix86+x86_64 | 1.0.1 | 18.00 | 42.00 | 60.00 | OK | |
r-patched-linux-x86_64 | 1.0.1 | 3.92 | 23.09 | 27.01 | OK | |
r-patched-solaris-x86 | 1.0.1 | 53.00 | NOTE | |||
r-release-linux-x86_64 | 1.0.1 | 4.78 | 23.27 | 28.05 | OK | |
r-release-macos-x86_64 | 1.0.1 | NOTE | ||||
r-release-windows-ix86+x86_64 | 1.0.1 | 10.00 | 39.00 | 49.00 | OK | |
r-oldrel-macos-x86_64 | 1.0.1 | NOTE | ||||
r-oldrel-windows-ix86+x86_64 | 1.0.1 | 6.00 | 44.00 | 50.00 | OK |
Version: 1.0.1
Check: dependencies in R code
Result: NOTE
Namespaces in Imports field not imported from:
‘R6’ ‘cowplot’ ‘ggplot2’ ‘ggridges’ ‘ggstance’ ‘jmvcore’
All declared Imports should be used.
Flavors: r-devel-linux-x86_64-fedora-clang, r-devel-linux-x86_64-fedora-gcc, r-patched-solaris-x86, r-release-macos-x86_64, r-oldrel-macos-x86_64