Last updated on 2021-01-25 00:48:09 CET.
Flavor | Version | Tinstall | Tcheck | Ttotal | Status | Flags |
---|---|---|---|---|---|---|
r-devel-linux-x86_64-debian-clang | 2.1.6 | 13.35 | 150.81 | 164.16 | OK | |
r-devel-linux-x86_64-debian-gcc | 2.1.6 | 11.33 | 114.64 | 125.97 | OK | |
r-devel-linux-x86_64-fedora-clang | 2.1.6 | 206.17 | OK | |||
r-devel-linux-x86_64-fedora-gcc | 2.1.6 | 194.59 | OK | |||
r-devel-windows-ix86+x86_64 | 2.1.6 | 24.00 | 192.00 | 216.00 | OK | |
r-patched-linux-x86_64 | 2.1.6 | 14.05 | 139.80 | 153.85 | OK | |
r-patched-solaris-x86 | 2.1.6 | 235.90 | OK | |||
r-release-linux-x86_64 | 2.1.6 | 12.92 | 140.01 | 152.93 | OK | |
r-release-macos-x86_64 | 2.1.6 | NOTE | ||||
r-release-windows-ix86+x86_64 | 2.1.6 | 38.00 | 191.00 | 229.00 | OK | |
r-oldrel-macos-x86_64 | 2.1.6 | NOTE | ||||
r-oldrel-windows-ix86+x86_64 | 2.1.6 | 17.00 | 200.00 | 217.00 | OK |
Version: 2.1.6
Check: package dependencies
Result: NOTE
Package suggested but not available for checking: ‘rpanel’
Flavors: r-release-macos-x86_64, r-oldrel-macos-x86_64