Last updated on 2021-01-25 00:48:10 CET.
Flavor | Version | Tinstall | Tcheck | Ttotal | Status | Flags |
---|---|---|---|---|---|---|
r-devel-linux-x86_64-debian-clang | 1.2.5 | 16.01 | 117.15 | 133.16 | OK | |
r-devel-linux-x86_64-debian-gcc | 1.2.5 | 12.68 | 87.67 | 100.35 | OK | |
r-devel-linux-x86_64-fedora-clang | 1.2.5 | 162.93 | OK | |||
r-devel-linux-x86_64-fedora-gcc | 1.2.5 | 157.15 | OK | |||
r-devel-windows-ix86+x86_64 | 1.2.5 | 30.00 | 146.00 | 176.00 | OK | |
r-patched-linux-x86_64 | 1.2.5 | 15.79 | 107.88 | 123.67 | OK | |
r-patched-solaris-x86 | 1.2.5 | 200.10 | OK | |||
r-release-linux-x86_64 | 1.2.5 | 15.91 | 107.76 | 123.67 | OK | |
r-release-macos-x86_64 | 1.2.5 | OK | ||||
r-release-windows-ix86+x86_64 | 1.2.5 | 37.00 | 141.00 | 178.00 | OK | |
r-oldrel-macos-x86_64 | 1.2.5 | WARN | ||||
r-oldrel-windows-ix86+x86_64 | 1.2.5 | 20.00 | 141.00 | 161.00 | OK |
Version: 1.2.5
Check: whether package can be installed
Result: WARN
Found the following significant warnings:
Warning: 'rgl_init' failed, running with rgl.useNULL = TRUE
Flavor: r-oldrel-macos-x86_64
Version: 1.2.5
Check: dependencies in R code
Result: NOTE
No protocol specified
Flavor: r-oldrel-macos-x86_64
Version: 1.2.5
Check: S3 generic/method consistency
Result: WARN
No protocol specified
See section ‘Generic functions and methods’ in the ‘Writing R
Extensions’ manual.
Flavor: r-oldrel-macos-x86_64
Version: 1.2.5
Check: replacement functions
Result: WARN
No protocol specified
The argument of a replacement function which corresponds to the right
hand side must be named ‘value’.
Flavor: r-oldrel-macos-x86_64
Version: 1.2.5
Check: foreign function calls
Result: NOTE
No protocol specified
See chapter ‘System and foreign language interfaces’ in the ‘Writing R
Extensions’ manual.
Flavor: r-oldrel-macos-x86_64
Version: 1.2.5
Check: R code for possible problems
Result: NOTE
No protocol specified
Flavor: r-oldrel-macos-x86_64
Version: 1.2.5
Check: for missing documentation entries
Result: WARN
No protocol specified
All user-level objects in a package should have documentation entries.
See chapter ‘Writing R documentation files’ in the ‘Writing R
Extensions’ manual.
Flavor: r-oldrel-macos-x86_64
Version: 1.2.5
Check: for code/documentation mismatches
Result: WARN
No protocol specified
No protocol specified
No protocol specified
Flavor: r-oldrel-macos-x86_64
Version: 1.2.5
Check: Rd \usage sections
Result: NOTE
No protocol specified
The \usage entries for S3 methods should use the \method markup and not
their full name.
See chapter ‘Writing R documentation files’ in the ‘Writing R
Extensions’ manual.
Flavor: r-oldrel-macos-x86_64