Last updated on 2021-01-25 00:48:10 CET.
Flavor | Version | Tinstall | Tcheck | Ttotal | Status | Flags |
---|---|---|---|---|---|---|
r-devel-linux-x86_64-debian-clang | 2.0.0 | 3.18 | 32.68 | 35.86 | OK | |
r-devel-linux-x86_64-debian-gcc | 2.0.0 | 2.22 | 25.74 | 27.96 | OK | |
r-devel-linux-x86_64-fedora-gcc | 2.0.0 | 43.07 | NOTE | |||
r-devel-windows-ix86+x86_64 | 2.0.0 | 7.00 | 59.00 | 66.00 | OK | |
r-patched-linux-x86_64 | 2.0.0 | 3.16 | 31.94 | 35.10 | OK | |
r-patched-solaris-x86 | 2.0.0 | 61.60 | NOTE | |||
r-release-linux-x86_64 | 2.0.0 | 2.75 | 32.10 | 34.85 | OK | |
r-release-macos-x86_64 | 2.0.0 | NOTE | ||||
r-release-windows-ix86+x86_64 | 2.0.0 | 20.00 | 55.00 | 75.00 | OK | |
r-oldrel-macos-x86_64 | 2.0.0 | NOTE | ||||
r-oldrel-windows-ix86+x86_64 | 2.0.0 | 4.00 | 53.00 | 57.00 | OK |
Version: 2.0.0
Check: dependencies in R code
Result: NOTE
Namespace in Imports field not imported from: ‘htmltools’
All declared Imports should be used.
Flavors: r-devel-linux-x86_64-fedora-gcc, r-patched-solaris-x86, r-release-macos-x86_64, r-oldrel-macos-x86_64