CRAN Package Check Results for Package sigmajs

Last updated on 2021-01-25 00:48:10 CET.

Flavor Version Tinstall Tcheck Ttotal Status Flags
r-devel-linux-x86_64-debian-clang 0.1.5 4.20 52.84 57.04 OK
r-devel-linux-x86_64-debian-gcc 0.1.5 3.72 40.95 44.67 OK
r-devel-linux-x86_64-fedora-clang 0.1.5 75.83 NOTE
r-devel-linux-x86_64-fedora-gcc 0.1.5 67.61 NOTE
r-devel-windows-ix86+x86_64 0.1.5 12.00 82.00 94.00 OK
r-patched-linux-x86_64 0.1.5 4.09 50.69 54.78 OK
r-patched-solaris-x86 0.1.5 97.20 NOTE
r-release-linux-x86_64 0.1.5 4.70 50.79 55.49 OK
r-release-macos-x86_64 0.1.5 NOTE
r-release-windows-ix86+x86_64 0.1.5 35.00 83.00 118.00 OK
r-oldrel-macos-x86_64 0.1.5 NOTE
r-oldrel-windows-ix86+x86_64 0.1.5 7.00 76.00 83.00 OK

Check Details

Version: 0.1.5
Check: data for non-ASCII characters
Result: NOTE
     Note: found 28 marked UTF-8 strings
Flavors: r-devel-linux-x86_64-fedora-clang, r-devel-linux-x86_64-fedora-gcc, r-patched-solaris-x86, r-release-macos-x86_64, r-oldrel-macos-x86_64