Last updated on 2021-01-25 00:48:10 CET.
Flavor | Version | Tinstall | Tcheck | Ttotal | Status | Flags |
---|---|---|---|---|---|---|
r-devel-linux-x86_64-debian-clang | 0.7-6 | 6.65 | 42.74 | 49.39 | OK | |
r-devel-linux-x86_64-debian-gcc | 0.7-6 | 5.16 | 32.66 | 37.82 | OK | |
r-devel-linux-x86_64-fedora-clang | 0.7-6 | 67.78 | NOTE | |||
r-devel-linux-x86_64-fedora-gcc | 0.7-6 | 60.35 | NOTE | |||
r-devel-windows-ix86+x86_64 | 0.7-6 | 14.00 | 72.00 | 86.00 | OK | |
r-patched-linux-x86_64 | 0.7-6 | 6.36 | 40.45 | 46.81 | OK | |
r-patched-solaris-x86 | 0.7-6 | 78.50 | OK | |||
r-release-linux-x86_64 | 0.7-6 | 6.24 | 40.30 | 46.54 | OK | |
r-release-macos-x86_64 | 0.7-6 | OK | ||||
r-release-windows-ix86+x86_64 | 0.7-6 | 12.00 | 70.00 | 82.00 | OK | |
r-oldrel-macos-x86_64 | 0.7-6 | OK | ||||
r-oldrel-windows-ix86+x86_64 | 0.7-6 | 12.00 | 67.00 | 79.00 | OK |
Version: 0.7-6
Check: Rd cross-references
Result: NOTE
Undeclared package ‘matlab’ in Rd xrefs
Flavor: r-devel-linux-x86_64-fedora-clang
Version: 0.7-6
Check: compiled code
Result: NOTE
File ‘signal/libs/signal.so’:
Found no calls to: ‘R_registerRoutines’, ‘R_useDynamicSymbols’
It is good practice to register native routines and to disable symbol
search.
See ‘Writing portable packages’ in the ‘Writing R Extensions’ manual.
Flavors: r-devel-linux-x86_64-fedora-clang, r-devel-linux-x86_64-fedora-gcc