CRAN Package Check Results for Package sim2Dpredictr

Last updated on 2021-01-25 00:48:10 CET.

Flavor Version Tinstall Tcheck Ttotal Status Flags
r-devel-linux-x86_64-debian-clang 0.1.0 9.06 84.57 93.63 OK
r-devel-linux-x86_64-debian-gcc 0.1.0 7.33 61.35 68.68 OK
r-devel-linux-x86_64-fedora-clang 0.1.0 118.10 NOTE
r-devel-linux-x86_64-fedora-gcc 0.1.0 106.84 NOTE
r-devel-windows-ix86+x86_64 0.1.0 22.00 108.00 130.00 OK
r-patched-linux-x86_64 0.1.0 8.11 77.54 85.65 OK
r-patched-solaris-x86 0.1.0 134.60 NOTE
r-release-linux-x86_64 0.1.0 8.49 77.09 85.58 OK
r-release-macos-x86_64 0.1.0 NOTE
r-release-windows-ix86+x86_64 0.1.0 16.00 109.00 125.00 OK
r-oldrel-macos-x86_64 0.1.0 NOTE
r-oldrel-windows-ix86+x86_64 0.1.0 13.00 105.00 118.00 OK

Check Details

Version: 0.1.0
Check: dependencies in R code
Result: NOTE
    Namespaces in Imports field not imported from:
     ‘car’ ‘ggplot2’ ‘magrittr’ ‘tidyverse’
     All declared Imports should be used.
Flavors: r-devel-linux-x86_64-fedora-clang, r-devel-linux-x86_64-fedora-gcc, r-patched-solaris-x86, r-release-macos-x86_64, r-oldrel-macos-x86_64