CRAN Package Check Results for Package simecol

Last updated on 2021-01-25 00:48:10 CET.

Flavor Version Tinstall Tcheck Ttotal Status Flags
r-devel-linux-x86_64-debian-clang 0.8-13 8.35 97.74 106.09 OK
r-devel-linux-x86_64-debian-gcc 0.8-13 6.25 73.47 79.72 OK
r-devel-linux-x86_64-fedora-clang 0.8-13 133.28 OK
r-devel-linux-x86_64-fedora-gcc 0.8-13 124.29 OK
r-devel-windows-ix86+x86_64 0.8-13 19.00 155.00 174.00 OK
r-patched-linux-x86_64 0.8-13 9.15 92.19 101.34 OK
r-patched-solaris-x86 0.8-13 157.40 OK
r-release-linux-x86_64 0.8-13 9.25 91.72 100.97 WARN
r-release-macos-x86_64 0.8-13 OK
r-release-windows-ix86+x86_64 0.8-13 18.00 150.00 168.00 OK
r-oldrel-macos-x86_64 0.8-13 OK
r-oldrel-windows-ix86+x86_64 0.8-13 15.00 150.00 165.00 OK

Check Details

Version: 0.8-13
Check: re-building of vignette outputs
Result: WARN
    Error(s) in re-building vignettes:
     ...
    --- re-building ‘a-simecol-introduction.Rnw’ using Sweave
    Loading required package: deSolve
    Error: processing vignette 'a-simecol-introduction.Rnw' failed with diagnostics:
    Running ‘texi2dvi’ on ‘a-simecol-introduction.tex’ failed.
    LaTeX errors:
    ! Undefined control sequence.
    <recently read> \Hy@colorlink
    
    l.90 \begin{document}
    
    ! Undefined control sequence.
    \close@pdflink ->\Hy@endcolorlink
     \Hy@VerboseLinkStop \pdfendlink
    l.90 \begin{document}
    
    ! Undefined control sequence.
    <recently read> \Hy@colorlink
    
    l.90 \begin{document}
    
    ! Undefined control sequence.
    \close@pdflink ->\Hy@endcolorlink
     \Hy@VerboseLinkStop \pdfendlink
    l.90 \begin{document}
    
    ! Undefined control sequence.
    \hyper@linkurl ...tionraw >>}\relax \Hy@colorlink
     \@urlcolor #1\Hy@xspace@en...
    l.90 \begin{document}
    
    ! Undefined control sequence.
    \close@pdflink ->\Hy@endcolorlink
     \Hy@VerboseLinkStop \pdfendlink
    l.90 \begin{document}
    
    --- failed re-building ‘a-simecol-introduction.Rnw’
    
    --- re-building ‘b-simecol-howtos.Rnw’ using Sweave
    Loading required package: deSolve
    Loading required package: FME
    Loading required package: rootSolve
    Loading required package: coda
    Error: processing vignette 'b-simecol-howtos.Rnw' failed with diagnostics:
    Running ‘texi2dvi’ on ‘b-simecol-howtos.tex’ failed.
    LaTeX errors:
    ! Undefined control sequence.
    <recently read> \Hy@colorlink
    
    l.65 \begin{document}
    
    ! Undefined control sequence.
    \close@pdflink ->\Hy@endcolorlink
     \Hy@VerboseLinkStop \pdfendlink
    l.65 \begin{document}
    
    ! Undefined control sequence.
    <recently read> \Hy@colorlink
    
    l.65 \begin{document}
    
    ! Undefined control sequence.
    \close@pdflink ->\Hy@endcolorlink
     \Hy@VerboseLinkStop \pdfendlink
    l.65 \begin{document}
    
    --- failed re-building ‘b-simecol-howtos.Rnw’
    
    SUMMARY: processing the following files failed:
     ‘a-simecol-introduction.Rnw’ ‘b-simecol-howtos.Rnw’
    
    Error: Vignette re-building failed.
    Execution halted
Flavor: r-release-linux-x86_64