CRAN Package Check Results for Package simplexreg

Last updated on 2021-01-25 00:48:10 CET.

Flavor Version Tinstall Tcheck Ttotal Status Flags
r-devel-linux-x86_64-debian-clang 1.3 5.83 40.29 46.12 OK
r-devel-linux-x86_64-debian-gcc 1.3 4.61 30.73 35.34 OK
r-devel-linux-x86_64-fedora-clang 1.3 63.97 NOTE
r-devel-linux-x86_64-fedora-gcc 1.3 52.82 NOTE
r-devel-windows-ix86+x86_64 1.3 12.00 79.00 91.00 OK
r-patched-linux-x86_64 1.3 5.34 37.23 42.57 OK
r-patched-solaris-x86 1.3 76.70 OK
r-release-linux-x86_64 1.3 5.20 36.75 41.95 OK
r-release-macos-x86_64 1.3 OK
r-release-windows-ix86+x86_64 1.3 9.00 58.00 67.00 OK
r-oldrel-macos-x86_64 1.3 OK
r-oldrel-windows-ix86+x86_64 1.3 9.00 67.00 76.00 OK

Check Details

Version: 1.3
Check: compiled code
Result: NOTE
    File ‘simplexreg/libs/simplexreg.so’:
     Found no calls to: ‘R_registerRoutines’, ‘R_useDynamicSymbols’
    
    It is good practice to register native routines and to disable symbol
    search.
    
    See ‘Writing portable packages’ in the ‘Writing R Extensions’ manual.
Flavors: r-devel-linux-x86_64-fedora-clang, r-devel-linux-x86_64-fedora-gcc