Last updated on 2021-01-25 00:48:10 CET.
Flavor | Version | Tinstall | Tcheck | Ttotal | Status | Flags |
---|---|---|---|---|---|---|
r-devel-linux-x86_64-debian-clang | 0.2-13 | 2.66 | 35.72 | 38.38 | NOTE | |
r-devel-linux-x86_64-debian-gcc | 0.2-13 | 2.32 | 28.20 | 30.52 | NOTE | |
r-devel-linux-x86_64-fedora-clang | 0.2-13 | 56.95 | NOTE | |||
r-devel-linux-x86_64-fedora-gcc | 0.2-13 | 46.94 | NOTE | |||
r-devel-windows-ix86+x86_64 | 0.2-13 | 7.00 | 51.00 | 58.00 | NOTE | |
r-patched-linux-x86_64 | 0.2-13 | 2.57 | 34.47 | 37.04 | NOTE | |
r-patched-solaris-x86 | 0.2-13 | 70.30 | NOTE | |||
r-release-linux-x86_64 | 0.2-13 | 2.90 | 34.41 | 37.31 | NOTE | |
r-release-macos-x86_64 | 0.2-13 | NOTE | ||||
r-release-windows-ix86+x86_64 | 0.2-13 | 6.00 | 48.00 | 54.00 | NOTE | |
r-oldrel-macos-x86_64 | 0.2-13 | NOTE | ||||
r-oldrel-windows-ix86+x86_64 | 0.2-13 | 5.00 | 49.00 | 54.00 | NOTE |
Version: 0.2-13
Check: package dependencies
Result: NOTE
Package which this enhances but not available for checking: 'kmndirs'
Flavors: r-devel-linux-x86_64-debian-clang, r-devel-linux-x86_64-debian-gcc, r-devel-linux-x86_64-fedora-clang, r-devel-linux-x86_64-fedora-gcc, r-devel-windows-ix86+x86_64, r-patched-linux-x86_64, r-patched-solaris-x86, r-release-linux-x86_64, r-release-macos-x86_64, r-release-windows-ix86+x86_64, r-oldrel-macos-x86_64, r-oldrel-windows-ix86+x86_64
Version: 0.2-13
Check: dependencies in R code
Result: NOTE
Unavailable namespace imported from by a ':::' call: 'kmndirs'
See the note in ?`:::` about the use of this operator.
Flavors: r-devel-linux-x86_64-debian-clang, r-devel-linux-x86_64-debian-gcc, r-devel-linux-x86_64-fedora-clang, r-devel-linux-x86_64-fedora-gcc, r-devel-windows-ix86+x86_64, r-patched-linux-x86_64, r-patched-solaris-x86, r-release-linux-x86_64, r-release-macos-x86_64, r-release-windows-ix86+x86_64, r-oldrel-macos-x86_64, r-oldrel-windows-ix86+x86_64