CRAN Package Check Results for Package slickR

Last updated on 2021-01-25 00:48:10 CET.

Flavor Version Tinstall Tcheck Ttotal Status Flags
r-devel-linux-x86_64-debian-clang 0.5.0 2.80 53.66 56.46 OK
r-devel-linux-x86_64-debian-gcc 0.5.0 2.38 41.70 44.08 OK
r-devel-linux-x86_64-fedora-clang 0.5.0 79.88 OK
r-devel-linux-x86_64-fedora-gcc 0.5.0 72.11 OK
r-devel-windows-ix86+x86_64 0.5.0 7.00 74.00 81.00 OK
r-patched-linux-x86_64 0.5.0 3.05 51.59 54.64 OK
r-patched-solaris-x86 0.5.0 85.30 WARN
r-release-linux-x86_64 0.5.0 3.03 51.56 54.59 OK
r-release-macos-x86_64 0.5.0 WARN
r-release-windows-ix86+x86_64 0.5.0 6.00 71.00 77.00 OK
r-oldrel-macos-x86_64 0.5.0 WARN
r-oldrel-windows-ix86+x86_64 0.5.0 4.00 72.00 76.00 OK

Check Details

Version: 0.5.0
Check: re-building of vignette outputs
Result: WARN
    Error(s) in re-building vignettes:
     ...
    --- re-building ‘basics.Rmd’ using rmarkdown
    Warning in engine$weave(file, quiet = quiet, encoding = enc) :
     Pandoc (>= 1.12.3) and/or pandoc-citeproc not available. Falling back to R Markdown v1.
    Quitting from lines 29-32 (basics.Rmd)
    Error: processing vignette 'basics.Rmd' failed with diagnostics:
    there is no package called 'webshot'
    --- failed re-building ‘basics.Rmd’
    
    --- re-building ‘doms.Rmd’ using rmarkdown
    Warning in engine$weave(file, quiet = quiet, encoding = enc) :
     Pandoc (>= 1.12.3) and/or pandoc-citeproc not available. Falling back to R Markdown v1.
    Quitting from lines 34-35 (doms.Rmd)
    Error: processing vignette 'doms.Rmd' failed with diagnostics:
    there is no package called 'webshot'
    --- failed re-building ‘doms.Rmd’
    
    --- re-building ‘iframes.Rmd’ using rmarkdown
    Warning in engine$weave(file, quiet = quiet, encoding = enc) :
     Pandoc (>= 1.12.3) and/or pandoc-citeproc not available. Falling back to R Markdown v1.
    Quitting from lines 75-83 (iframes.Rmd)
    Error: processing vignette 'iframes.Rmd' failed with diagnostics:
    there is no package called 'webshot'
    --- failed re-building ‘iframes.Rmd’
    
    --- re-building ‘pdfs.Rmd’ using rmarkdown
    Warning in engine$weave(file, quiet = quiet, encoding = enc) :
     Pandoc (>= 1.12.3) and/or pandoc-citeproc not available. Falling back to R Markdown v1.
    Quitting from lines 39-40 (pdfs.Rmd)
    Error: processing vignette 'pdfs.Rmd' failed with diagnostics:
    there is no package called 'webshot'
    --- failed re-building ‘pdfs.Rmd’
    
    --- re-building ‘plots.Rmd’ using rmarkdown
    Warning in engine$weave(file, quiet = quiet, encoding = enc) :
     Pandoc (>= 1.12.3) and/or pandoc-citeproc not available. Falling back to R Markdown v1.
    --- finished re-building ‘plots.Rmd’
    
    --- re-building ‘shiny.Rmd’ using rmarkdown
    Warning in engine$weave(file, quiet = quiet, encoding = enc) :
     Pandoc (>= 1.12.3) and/or pandoc-citeproc not available. Falling back to R Markdown v1.
    --- finished re-building ‘shiny.Rmd’
    
    --- re-building ‘tests_and_coverage.Rmd’ using rmarkdown
    Warning in engine$weave(file, quiet = quiet, encoding = enc) :
     Pandoc (>= 1.12.3) and/or pandoc-citeproc not available. Falling back to R Markdown v1.
    --- finished re-building ‘tests_and_coverage.Rmd’
    
    SUMMARY: processing the following files failed:
     ‘basics.Rmd’ ‘doms.Rmd’ ‘iframes.Rmd’ ‘pdfs.Rmd’
    
    Error: Vignette re-building failed.
    Execution halted
Flavor: r-patched-solaris-x86

Version: 0.5.0
Check: re-building of vignette outputs
Result: WARN
    Error(s) in re-building vignettes:
    --- re-building ‘basics.Rmd’ using rmarkdown
    Warning in engine$weave(file, quiet = quiet, encoding = enc) :
     Pandoc (>= 1.12.3) and/or pandoc-citeproc not available. Falling back to R Markdown v1.
    Quitting from lines 29-32 (basics.Rmd)
    Error: processing vignette 'basics.Rmd' failed with diagnostics:
    cannot open the connection
    --- failed re-building ‘basics.Rmd’
    
    --- re-building ‘doms.Rmd’ using rmarkdown
    Warning in engine$weave(file, quiet = quiet, encoding = enc) :
     Pandoc (>= 1.12.3) and/or pandoc-citeproc not available. Falling back to R Markdown v1.
    Quitting from lines 34-35 (doms.Rmd)
    Error: processing vignette 'doms.Rmd' failed with diagnostics:
    cannot open the connection
    --- failed re-building ‘doms.Rmd’
    
    --- re-building ‘iframes.Rmd’ using rmarkdown
    Warning in engine$weave(file, quiet = quiet, encoding = enc) :
     Pandoc (>= 1.12.3) and/or pandoc-citeproc not available. Falling back to R Markdown v1.
    Quitting from lines 75-83 (iframes.Rmd)
    Error: processing vignette 'iframes.Rmd' failed with diagnostics:
    cannot open the connection
    --- failed re-building ‘iframes.Rmd’
    
    --- re-building ‘pdfs.Rmd’ using rmarkdown
    Warning in engine$weave(file, quiet = quiet, encoding = enc) :
     Pandoc (>= 1.12.3) and/or pandoc-citeproc not available. Falling back to R Markdown v1.
    Quitting from lines 39-40 (pdfs.Rmd)
    Error: processing vignette 'pdfs.Rmd' failed with diagnostics:
    cannot open the connection
    --- failed re-building ‘pdfs.Rmd’
    
    --- re-building ‘plots.Rmd’ using rmarkdown
    Warning in engine$weave(file, quiet = quiet, encoding = enc) :
     Pandoc (>= 1.12.3) and/or pandoc-citeproc not available. Falling back to R Markdown v1.
    --- finished re-building ‘plots.Rmd’
    
    --- re-building ‘shiny.Rmd’ using rmarkdown
    Warning in engine$weave(file, quiet = quiet, encoding = enc) :
     Pandoc (>= 1.12.3) and/or pandoc-citeproc not available. Falling back to R Markdown v1.
    --- finished re-building ‘shiny.Rmd’
    
    --- re-building ‘tests_and_coverage.Rmd’ using rmarkdown
    Warning in engine$weave(file, quiet = quiet, encoding = enc) :
     Pandoc (>= 1.12.3) and/or pandoc-citeproc not available. Falling back to R Markdown v1.
    --- finished re-building ‘tests_and_coverage.Rmd’
    
    SUMMARY: processing the following files failed:
     ‘basics.Rmd’ ‘doms.Rmd’ ‘iframes.Rmd’ ‘pdfs.Rmd’
    
    Error: Vignette re-building failed.
    Execution halted
Flavors: r-release-macos-x86_64, r-oldrel-macos-x86_64