Last updated on 2021-01-25 00:48:10 CET.
Flavor | Version | Tinstall | Tcheck | Ttotal | Status | Flags |
---|---|---|---|---|---|---|
r-devel-linux-x86_64-debian-clang | 1.6-0 | 2.22 | 18.33 | 20.55 | OK | |
r-devel-linux-x86_64-debian-gcc | 1.6-0 | 1.89 | 16.24 | 18.13 | OK | |
r-devel-linux-x86_64-fedora-clang | 1.6-0 | 50.25 | OK | |||
r-devel-linux-x86_64-fedora-gcc | 1.6-0 | 41.11 | OK | |||
r-devel-windows-ix86+x86_64 | 1.6-0 | 6.00 | 49.00 | 55.00 | OK | |
r-patched-linux-x86_64 | 1.6-0 | 2.69 | 17.69 | 20.38 | OK | |
r-patched-solaris-x86 | 1.6-0 | 84.60 | OK | |||
r-release-linux-x86_64 | 1.6-0 | 2.69 | 17.45 | 20.14 | OK | |
r-release-macos-x86_64 | 1.6-0 | NOTE | ||||
r-release-windows-ix86+x86_64 | 1.6-0 | 6.00 | 42.00 | 48.00 | OK | |
r-oldrel-macos-x86_64 | 1.6-0 | NOTE | ||||
r-oldrel-windows-ix86+x86_64 | 1.6-0 | 5.00 | 44.00 | 49.00 | OK |
Version: 1.6-0
Check: package dependencies
Result: NOTE
Package suggested but not available for checking: ‘Rmpi’
Flavors: r-release-macos-x86_64, r-oldrel-macos-x86_64