Last updated on 2021-01-25 00:48:11 CET.
Flavor | Version | Tinstall | Tcheck | Ttotal | Status | Flags |
---|---|---|---|---|---|---|
r-devel-linux-x86_64-debian-clang | 1.1.4 | 524.31 | 85.66 | 609.97 | OK | |
r-devel-linux-x86_64-debian-gcc | 1.1.4 | 371.39 | 63.94 | 435.33 | OK | |
r-devel-linux-x86_64-fedora-clang | 1.1.4 | 839.32 | WARN | |||
r-devel-linux-x86_64-fedora-gcc | 1.1.4 | 801.46 | NOTE | |||
r-devel-windows-ix86+x86_64 | 1.1.4 | 1131.00 | 176.00 | 1307.00 | NOTE | |
r-patched-linux-x86_64 | 1.1.4 | 420.77 | 80.34 | 501.11 | OK | |
r-patched-solaris-x86 | 1.1.4 | 614.70 | NOTE | |||
r-release-linux-x86_64 | 1.1.4 | 430.46 | 81.23 | 511.69 | OK | |
r-release-macos-x86_64 | 1.1.4 | NOTE | ||||
r-release-windows-ix86+x86_64 | 1.1.4 | 937.00 | 175.00 | 1112.00 | NOTE | |
r-oldrel-macos-x86_64 | 1.1.4 | NOTE | ||||
r-oldrel-windows-ix86+x86_64 | 1.1.4 | 886.00 | 169.00 | 1055.00 | NOTE |
Version: 1.1.4
Check: whether package can be installed
Result: WARN
Found the following significant warnings:
spSurv_SpatDens.cpp:155:12: warning: 'random_shuffle<int *, int (&)(int)>' is deprecated [-Wdeprecated-declarations]
spSurv_SpatDens.cpp:500:10: warning: 'random_shuffle<int *, int (&)(int)>' is deprecated [-Wdeprecated-declarations]
Flavor: r-devel-linux-x86_64-fedora-clang
Version: 1.1.4
Check: installed package size
Result: NOTE
installed size is 33.2Mb
sub-directories of 1Mb or more:
libs 32.4Mb
Flavors: r-devel-linux-x86_64-fedora-clang, r-devel-windows-ix86+x86_64, r-release-macos-x86_64, r-release-windows-ix86+x86_64, r-oldrel-macos-x86_64, r-oldrel-windows-ix86+x86_64
Version: 1.1.4
Check: dependencies in R code
Result: NOTE
Namespace in Imports field not imported from: ‘MASS’
All declared Imports should be used.
Flavors: r-devel-linux-x86_64-fedora-clang, r-devel-linux-x86_64-fedora-gcc, r-patched-solaris-x86, r-release-macos-x86_64, r-oldrel-macos-x86_64