CRAN Package Check Results for Package spatstat

Last updated on 2021-01-25 00:48:11 CET.

Flavor Version Tinstall Tcheck Ttotal Status Flags
r-devel-linux-x86_64-debian-clang 1.64-1 174.83 1084.31 1259.14 OK --no-tests
r-devel-linux-x86_64-debian-gcc 1.64-1 142.70 791.03 933.73 OK --no-tests
r-devel-linux-x86_64-fedora-clang 1.64-1 1600.97 NOTE
r-devel-linux-x86_64-fedora-gcc 1.64-1 1281.19 OK
r-devel-windows-ix86+x86_64 1.64-1 378.00 637.00 1015.00 NOTE --no-examples --no-tests --no-vignettes
r-patched-linux-x86_64 1.64-1 157.35 991.81 1149.16 OK --no-tests
r-patched-solaris-x86 1.64-1 2419.70 NOTE
r-release-linux-x86_64 1.64-1 152.24 998.54 1150.78 OK --no-tests
r-release-macos-x86_64 1.64-1 NOTE
r-release-windows-ix86+x86_64 1.64-1 368.00 566.00 934.00 NOTE --no-examples --no-tests --no-vignettes
r-oldrel-macos-x86_64 1.64-1 NOTE
r-oldrel-windows-ix86+x86_64 1.64-1 299.00 609.00 908.00 NOTE --no-examples --no-tests --no-vignettes

Check Details

Version: 1.64-1
Check: installed package size
Result: NOTE
     installed size is 19.9Mb
     sub-directories of 1Mb or more:
     R 5.3Mb
     doc 6.1Mb
     help 5.3Mb
     libs 2.2Mb
Flavors: r-devel-linux-x86_64-fedora-clang, r-patched-solaris-x86, r-release-macos-x86_64, r-oldrel-macos-x86_64

Version: 1.64-1
Flags: --no-examples --no-tests --no-vignettes
Check: installed package size
Result: NOTE
     installed size is 18.9Mb
     sub-directories of 1Mb or more:
     R 5.3Mb
     doc 6.0Mb
     help 5.3Mb
     libs 1.3Mb
Flavors: r-devel-windows-ix86+x86_64, r-release-windows-ix86+x86_64, r-oldrel-windows-ix86+x86_64

Version: 1.64-1
Check: dependencies in R code
Result: NOTE
    No protocol specified
    No protocol specified
Flavor: r-oldrel-macos-x86_64