CRAN Package Check Results for Package specmine.datasets

Last updated on 2021-01-25 00:48:11 CET.

Flavor Version Tinstall Tcheck Ttotal Status Flags
r-devel-linux-x86_64-debian-clang 0.0.1 0.30 2.46 2.76 ERROR
r-devel-linux-x86_64-debian-gcc 0.0.1 11.11 75.18 86.29 OK
r-devel-linux-x86_64-fedora-gcc 0.0.1 141.20 NOTE
r-devel-windows-ix86+x86_64 0.0.1 27.00 88.00 115.00 WARN
r-patched-linux-x86_64 0.0.1 11.54 96.08 107.62 OK
r-release-linux-x86_64 0.0.1 11.27 92.96 104.23 OK
r-release-macos-x86_64 0.0.1 WARN
r-release-windows-ix86+x86_64 0.0.1 25.00 123.00 148.00 WARN
r-oldrel-macos-x86_64 0.0.1 ERROR

Check Details

Version: 0.0.1
Check: package dependencies
Result: ERROR
    Package required but not available: 'xcms'
    
    See section 'The DESCRIPTION file' in the 'Writing R Extensions'
    manual.
Flavor: r-devel-linux-x86_64-debian-clang

Version: 0.0.1
Check: dependencies in R code
Result: NOTE
    Namespace in Imports field not imported from: ‘xcms’
     All declared Imports should be used.
Flavors: r-devel-linux-x86_64-fedora-gcc, r-release-macos-x86_64

Version: 0.0.1
Check: S3 generic/method consistency
Result: WARN
    Warning in fun(libname, pkgname) :
     mzR has been built against a different Rcpp version (1.0.4.6)
    than is installed on your system (1.0.6). This might lead to errors
    when loading mzR. If you encounter such issues, please send a report,
    including the output of sessionInfo() to the Bioc support forum at
    https://support.bioconductor.org/. For details see also
    https://github.com/sneumann/mzR/wiki/mzR-Rcpp-compiler-linker-issue.
    See section 'Generic functions and methods' in the 'Writing R
    Extensions' manual.
Flavor: r-devel-windows-ix86+x86_64

Version: 0.0.1
Check: for code/documentation mismatches
Result: WARN
    Warning in fun(libname, pkgname) :
     mzR has been built against a different Rcpp version (1.0.4.6)
    than is installed on your system (1.0.6). This might lead to errors
    when loading mzR. If you encounter such issues, please send a report,
    including the output of sessionInfo() to the Bioc support forum at
    https://support.bioconductor.org/. For details see also
    https://github.com/sneumann/mzR/wiki/mzR-Rcpp-compiler-linker-issue.
Flavor: r-devel-windows-ix86+x86_64

Version: 0.0.1
Check: Rd \usage sections
Result: NOTE
    Warning in fun(libname, pkgname) :
     mzR has been built against a different Rcpp version (1.0.4.6)
    than is installed on your system (1.0.6). This might lead to errors
    when loading mzR. If you encounter such issues, please send a report,
    including the output of sessionInfo() to the Bioc support forum at
    https://support.bioconductor.org/. For details see also
    https://github.com/sneumann/mzR/wiki/mzR-Rcpp-compiler-linker-issue.
    The \usage entries for S3 methods should use the \method markup and not
    their full name.
    See chapter 'Writing R documentation files' in the 'Writing R
    Extensions' manual.
Flavor: r-devel-windows-ix86+x86_64

Version: 0.0.1
Check: S3 generic/method consistency
Result: WARN
    Warning in fun(libname, pkgname) :
     mzR has been built against a different Rcpp version (1.0.4.6)
    than is installed on your system (1.0.5). This might lead to errors
    when loading mzR. If you encounter such issues, please send a report,
    including the output of sessionInfo() to the Bioc support forum at
    https://support.bioconductor.org/. For details see also
    https://github.com/sneumann/mzR/wiki/mzR-Rcpp-compiler-linker-issue.
    See section ‘Generic functions and methods’ in the ‘Writing R
    Extensions’ manual.
Flavors: r-release-macos-x86_64, r-release-windows-ix86+x86_64

Version: 0.0.1
Check: for code/documentation mismatches
Result: WARN
    Warning in fun(libname, pkgname) :
     mzR has been built against a different Rcpp version (1.0.4.6)
    than is installed on your system (1.0.5). This might lead to errors
    when loading mzR. If you encounter such issues, please send a report,
    including the output of sessionInfo() to the Bioc support forum at
    https://support.bioconductor.org/. For details see also
    https://github.com/sneumann/mzR/wiki/mzR-Rcpp-compiler-linker-issue.
Flavors: r-release-macos-x86_64, r-release-windows-ix86+x86_64

Version: 0.0.1
Check: Rd \usage sections
Result: NOTE
    Warning in fun(libname, pkgname) :
     mzR has been built against a different Rcpp version (1.0.4.6)
    than is installed on your system (1.0.5). This might lead to errors
    when loading mzR. If you encounter such issues, please send a report,
    including the output of sessionInfo() to the Bioc support forum at
    https://support.bioconductor.org/. For details see also
    https://github.com/sneumann/mzR/wiki/mzR-Rcpp-compiler-linker-issue.
    The \usage entries for S3 methods should use the \method markup and not
    their full name.
    See chapter ‘Writing R documentation files’ in the ‘Writing R
    Extensions’ manual.
Flavors: r-release-macos-x86_64, r-release-windows-ix86+x86_64

Version: 0.0.1
Check: whether package can be installed
Result: ERROR
    Installation failed.
Flavor: r-oldrel-macos-x86_64