Last updated on 2021-01-25 00:48:11 CET.
Flavor | Version | Tinstall | Tcheck | Ttotal | Status | Flags |
---|---|---|---|---|---|---|
r-devel-linux-x86_64-debian-clang | 1.0.9 | 24.41 | 113.49 | 137.90 | OK | |
r-devel-linux-x86_64-debian-gcc | 1.0.9 | 19.29 | 85.28 | 104.57 | OK | |
r-devel-linux-x86_64-fedora-clang | 1.0.9 | 172.33 | OK | |||
r-devel-linux-x86_64-fedora-gcc | 1.0.9 | 162.29 | OK | |||
r-devel-windows-ix86+x86_64 | 1.0.9 | 41.00 | 169.00 | 210.00 | OK | |
r-patched-linux-x86_64 | 1.0.9 | 23.20 | 104.48 | 127.68 | OK | |
r-patched-solaris-x86 | 1.0.9 | 231.80 | OK | |||
r-release-linux-x86_64 | 1.0.9 | 23.25 | 102.91 | 126.16 | OK | |
r-release-macos-x86_64 | 1.0.9 | OK | ||||
r-release-windows-ix86+x86_64 | 1.0.9 | 43.00 | 174.00 | 217.00 | OK | |
r-oldrel-macos-x86_64 | 1.0.9 | WARN | ||||
r-oldrel-windows-ix86+x86_64 | 1.0.9 | 29.00 | 156.00 | 185.00 | OK |
Version: 1.0.9
Check: dependencies in R code
Result: NOTE
No protocol specified
No protocol specified
Flavor: r-oldrel-macos-x86_64
Version: 1.0.9
Check: S3 generic/method consistency
Result: WARN
No protocol specified
No protocol specified
See section ‘Generic functions and methods’ in the ‘Writing R
Extensions’ manual.
Flavor: r-oldrel-macos-x86_64
Version: 1.0.9
Check: replacement functions
Result: WARN
No protocol specified
No protocol specified
The argument of a replacement function which corresponds to the right
hand side must be named ‘value’.
Flavor: r-oldrel-macos-x86_64
Version: 1.0.9
Check: foreign function calls
Result: NOTE
No protocol specified
No protocol specified
See chapter ‘System and foreign language interfaces’ in the ‘Writing R
Extensions’ manual.
Flavor: r-oldrel-macos-x86_64
Version: 1.0.9
Check: R code for possible problems
Result: NOTE
No protocol specified
No protocol specified
Flavor: r-oldrel-macos-x86_64
Version: 1.0.9
Check: for missing documentation entries
Result: WARN
No protocol specified
No protocol specified
All user-level objects in a package should have documentation entries.
See chapter ‘Writing R documentation files’ in the ‘Writing R
Extensions’ manual.
Flavor: r-oldrel-macos-x86_64
Version: 1.0.9
Check: for code/documentation mismatches
Result: WARN
No protocol specified
No protocol specified
No protocol specified
No protocol specified
No protocol specified
No protocol specified
Flavor: r-oldrel-macos-x86_64
Version: 1.0.9
Check: Rd \usage sections
Result: NOTE
No protocol specified
No protocol specified
The \usage entries for S3 methods should use the \method markup and not
their full name.
See chapter ‘Writing R documentation files’ in the ‘Writing R
Extensions’ manual.
Flavor: r-oldrel-macos-x86_64