Last updated on 2021-01-25 00:48:11 CET.
Flavor | Version | Tinstall | Tcheck | Ttotal | Status | Flags |
---|---|---|---|---|---|---|
r-devel-linux-x86_64-debian-clang | 0.2.7 | 3.37 | 215.41 | 218.78 | OK | |
r-devel-linux-x86_64-debian-gcc | 0.2.7 | 2.66 | 154.48 | 157.14 | OK | |
r-devel-linux-x86_64-fedora-clang | 0.2.7 | 254.46 | NOTE | |||
r-devel-linux-x86_64-fedora-gcc | 0.2.7 | 296.50 | NOTE | |||
r-devel-windows-ix86+x86_64 | 0.2.7 | 21.00 | 255.00 | 276.00 | OK | |
r-patched-linux-x86_64 | 0.2.7 | 3.31 | 206.68 | 209.99 | OK | |
r-patched-solaris-x86 | 0.2.7 | 325.50 | NOTE | |||
r-release-linux-x86_64 | 0.2.7 | 3.03 | 205.62 | 208.65 | OK | |
r-release-macos-x86_64 | 0.2.7 | NOTE | ||||
r-release-windows-ix86+x86_64 | 0.2.7 | 10.00 | 277.00 | 287.00 | OK | |
r-oldrel-macos-x86_64 | 0.2.7 | NOTE | ||||
r-oldrel-windows-ix86+x86_64 | 0.2.7 | 5.00 | 294.00 | 299.00 | OK |
Version: 0.2.7
Check: dependencies in R code
Result: NOTE
Namespace in Imports field not imported from: ‘RColorBrewer’
All declared Imports should be used.
Flavors: r-devel-linux-x86_64-fedora-clang, r-devel-linux-x86_64-fedora-gcc, r-patched-solaris-x86, r-release-macos-x86_64, r-oldrel-macos-x86_64