Last updated on 2021-01-25 00:48:11 CET.
Flavor | Version | Tinstall | Tcheck | Ttotal | Status | Flags |
---|---|---|---|---|---|---|
r-devel-linux-x86_64-debian-clang | 1.3-2 | 13.81 | 175.33 | 189.14 | OK | |
r-devel-linux-x86_64-debian-gcc | 1.3-2 | 9.91 | 131.87 | 141.78 | OK | |
r-devel-linux-x86_64-fedora-clang | 1.3-2 | 230.44 | NOTE | |||
r-devel-linux-x86_64-fedora-gcc | 1.3-2 | 227.11 | NOTE | |||
r-devel-windows-ix86+x86_64 | 1.3-2 | 25.00 | 221.00 | 246.00 | OK | |
r-patched-linux-x86_64 | 1.3-2 | 12.71 | 167.54 | 180.25 | OK | |
r-patched-solaris-x86 | 1.3-2 | 316.10 | NOTE | |||
r-release-linux-x86_64 | 1.3-2 | 12.39 | 166.49 | 178.88 | OK | |
r-release-macos-x86_64 | 1.3-2 | NOTE | ||||
r-release-windows-ix86+x86_64 | 1.3-2 | 22.00 | 224.00 | 246.00 | OK | |
r-oldrel-macos-x86_64 | 1.3-2 | NOTE | ||||
r-oldrel-windows-ix86+x86_64 | 1.3-2 | 18.00 | 208.00 | 226.00 | OK |
Version: 1.3-2
Check: dependencies in R code
Result: NOTE
Namespace in Imports field not imported from: ‘sp’
All declared Imports should be used.
Flavors: r-devel-linux-x86_64-fedora-clang, r-devel-linux-x86_64-fedora-gcc, r-patched-solaris-x86, r-release-macos-x86_64, r-oldrel-macos-x86_64