CRAN Package Check Results for Package ss3sim

Last updated on 2021-01-25 00:48:11 CET.

Flavor Version Tinstall Tcheck Ttotal Status Flags
r-devel-linux-x86_64-debian-clang 1.0.3 18.13 162.83 180.96 OK
r-devel-linux-x86_64-debian-gcc 1.0.3 12.98 121.03 134.01 OK
r-devel-linux-x86_64-fedora-clang 1.0.3 219.87 NOTE
r-devel-linux-x86_64-fedora-gcc 1.0.3 212.19 OK
r-devel-windows-ix86+x86_64 1.0.3 40.00 202.00 242.00 OK
r-patched-linux-x86_64 1.0.3 14.49 147.78 162.27 OK
r-patched-solaris-x86 1.0.3 281.10 OK
r-release-linux-x86_64 1.0.3 15.75 148.87 164.62 OK
r-release-macos-x86_64 1.0.3 OK
r-release-windows-ix86+x86_64 1.0.3 45.00 212.00 257.00 OK
r-oldrel-macos-x86_64 1.0.3 OK
r-oldrel-windows-ix86+x86_64 1.0.3 29.00 188.00 217.00 OK

Check Details

Version: 1.0.3
Check: Rd cross-references
Result: NOTE
    Undeclared package ‘plyr’ in Rd xrefs
Flavor: r-devel-linux-x86_64-fedora-clang