CRAN Package Check Results for Package states

Last updated on 2021-01-25 00:48:11 CET.

Flavor Version Tinstall Tcheck Ttotal Status Flags
r-devel-linux-x86_64-debian-clang 0.3.0 4.35 59.02 63.37 OK
r-devel-linux-x86_64-debian-gcc 0.3.0 3.10 44.39 47.49 OK
r-devel-linux-x86_64-fedora-clang 0.3.0 82.23 OK
r-devel-linux-x86_64-fedora-gcc 0.3.0 74.11 OK
r-devel-windows-ix86+x86_64 0.3.0 12.00 86.00 98.00 OK
r-patched-linux-x86_64 0.3.0 4.58 55.82 60.40 OK
r-patched-solaris-x86 0.3.0 104.80 WARN
r-release-linux-x86_64 0.3.0 4.17 55.30 59.47 OK
r-release-macos-x86_64 0.3.0 WARN
r-release-windows-ix86+x86_64 0.3.0 11.00 101.00 112.00 OK
r-oldrel-macos-x86_64 0.3.0 WARN
r-oldrel-windows-ix86+x86_64 0.3.0 7.00 84.00 91.00 OK

Check Details

Version: 0.3.0
Check: re-building of vignette outputs
Result: WARN
    Error(s) in re-building vignettes:
     ...
    --- re-building ‘differences-gw-cow.Rmd’ using rmarkdown
    Warning in engine$weave(file, quiet = quiet, encoding = enc) :
     Pandoc (>= 1.12.3) and/or pandoc-citeproc not available. Falling back to R Markdown v1.
    --- finished re-building ‘differences-gw-cow.Rmd’
    
    --- re-building ‘statelists.Rmd’ using rmarkdown
    Warning in engine$weave(file, quiet = quiet, encoding = enc) :
     Pandoc (>= 1.12.3) and/or pandoc-citeproc not available. Falling back to R Markdown v1.
    Quitting from lines 28-30 (statelists.Rmd)
    Error: processing vignette 'statelists.Rmd' failed with diagnostics:
    there is no package called 'webshot'
    --- failed re-building ‘statelists.Rmd’
    
    SUMMARY: processing the following file failed:
     ‘statelists.Rmd’
    
    Error: Vignette re-building failed.
    Execution halted
Flavor: r-patched-solaris-x86

Version: 0.3.0
Check: re-building of vignette outputs
Result: WARN
    Error(s) in re-building vignettes:
     ...
    --- re-building ‘differences-gw-cow.Rmd’ using rmarkdown
    Warning in engine$weave(file, quiet = quiet, encoding = enc) :
     Pandoc (>= 1.12.3) and/or pandoc-citeproc not available. Falling back to R Markdown v1.
    --- finished re-building ‘differences-gw-cow.Rmd’
    
    --- re-building ‘statelists.Rmd’ using rmarkdown
    Warning in engine$weave(file, quiet = quiet, encoding = enc) :
     Pandoc (>= 1.12.3) and/or pandoc-citeproc not available. Falling back to R Markdown v1.
    Quitting from lines 28-30 (statelists.Rmd)
    Error: processing vignette 'statelists.Rmd' failed with diagnostics:
    cannot open the connection
    --- failed re-building ‘statelists.Rmd’
    
    SUMMARY: processing the following file failed:
     ‘statelists.Rmd’
    
    Error: Vignette re-building failed.
    Execution halted
Flavors: r-release-macos-x86_64, r-oldrel-macos-x86_64