Last updated on 2021-01-25 00:48:11 CET.
Flavor | Version | Tinstall | Tcheck | Ttotal | Status | Flags |
---|---|---|---|---|---|---|
r-devel-linux-x86_64-debian-clang | 0.2.3 | 3.90 | 29.50 | 33.40 | OK | |
r-devel-linux-x86_64-debian-gcc | 0.2.3 | 2.65 | 22.70 | 25.35 | OK | |
r-devel-linux-x86_64-fedora-clang | 0.2.3 | 47.86 | NOTE | |||
r-devel-linux-x86_64-fedora-gcc | 0.2.3 | 38.78 | OK | |||
r-devel-windows-ix86+x86_64 | 0.2.3 | 10.00 | 53.00 | 63.00 | OK | |
r-patched-linux-x86_64 | 0.2.3 | 3.37 | 27.65 | 31.02 | OK | |
r-patched-solaris-x86 | 0.2.3 | 58.00 | OK | |||
r-release-linux-x86_64 | 0.2.3 | 3.11 | 27.88 | 30.99 | OK | |
r-release-macos-x86_64 | 0.2.3 | OK | ||||
r-release-windows-ix86+x86_64 | 0.2.3 | 9.00 | 54.00 | 63.00 | OK | |
r-oldrel-macos-x86_64 | 0.2.3 | OK | ||||
r-oldrel-windows-ix86+x86_64 | 0.2.3 | 7.00 | 53.00 | 60.00 | OK |
Version: 0.2.3
Check: Rd cross-references
Result: NOTE
Undeclared package ‘distrEx’ in Rd xrefs
Flavor: r-devel-linux-x86_64-fedora-clang