CRAN Package Check Results for Package survminer

Last updated on 2021-01-25 00:48:12 CET.

Flavor Version Tinstall Tcheck Ttotal Status Flags
r-devel-linux-x86_64-debian-clang 0.4.8 15.05 215.02 230.07 OK
r-devel-linux-x86_64-debian-gcc 0.4.8 13.74 158.16 171.90 OK
r-devel-linux-x86_64-fedora-clang 0.4.8 270.59 NOTE
r-devel-linux-x86_64-fedora-gcc 0.4.8 275.09 OK
r-devel-windows-ix86+x86_64 0.4.8 37.00 253.00 290.00 NOTE
r-patched-linux-x86_64 0.4.8 14.35 194.65 209.00 OK
r-patched-solaris-x86 0.4.8 351.80 NOTE
r-release-linux-x86_64 0.4.8 14.51 198.60 213.11 OK
r-release-macos-x86_64 0.4.8 NOTE
r-release-windows-ix86+x86_64 0.4.8 37.00 266.00 303.00 NOTE
r-oldrel-macos-x86_64 0.4.8 NOTE
r-oldrel-windows-ix86+x86_64 0.4.8 26.00 263.00 289.00 NOTE

Check Details

Version: 0.4.8
Check: installed package size
Result: NOTE
     installed size is 5.3Mb
     sub-directories of 1Mb or more:
     doc 4.8Mb
Flavors: r-devel-linux-x86_64-fedora-clang, r-devel-windows-ix86+x86_64, r-patched-solaris-x86, r-release-macos-x86_64, r-release-windows-ix86+x86_64, r-oldrel-macos-x86_64, r-oldrel-windows-ix86+x86_64