CRAN Package Check Results for Package synchronicity

Last updated on 2021-01-25 00:48:12 CET.

Flavor Version Tinstall Tcheck Ttotal Status Flags
r-devel-linux-x86_64-debian-clang 1.3.5 29.23 28.12 57.35 OK
r-devel-linux-x86_64-debian-gcc 1.3.5 18.57 22.29 40.86 OK
r-devel-linux-x86_64-fedora-clang 1.3.5 86.82 NOTE
r-devel-linux-x86_64-fedora-gcc 1.3.5 69.07 NOTE
r-devel-windows-ix86+x86_64 1.3.5 82.00 68.00 150.00 OK
r-patched-linux-x86_64 1.3.5 22.80 27.10 49.90 OK
r-patched-solaris-x86 1.3.5 86.90 OK
r-release-linux-x86_64 1.3.5 23.08 27.06 50.14 OK
r-release-macos-x86_64 1.3.5 OK
r-release-windows-ix86+x86_64 1.3.5 63.00 71.00 134.00 OK
r-oldrel-macos-x86_64 1.3.5 OK
r-oldrel-windows-ix86+x86_64 1.3.5 64.00 62.00 126.00 OK

Check Details

Version: 1.3.5
Check: top-level files
Result: NOTE
     possible bashism in configure line 12 (echo -n):
     echo -n " checking for Sun Studio compiler..."
     possible bashism in configure line 22 (echo -n):
     echo -n " checking for OS..."
Flavors: r-devel-linux-x86_64-fedora-clang, r-devel-linux-x86_64-fedora-gcc