Last updated on 2021-01-25 00:48:12 CET.
Flavor | Version | Tinstall | Tcheck | Ttotal | Status | Flags |
---|---|---|---|---|---|---|
r-devel-linux-x86_64-debian-clang | 1.0.4 | 6.86 | 71.02 | 77.88 | NOTE | |
r-devel-linux-x86_64-debian-gcc | 1.0.4 | 6.40 | 53.31 | 59.71 | NOTE | |
r-devel-linux-x86_64-fedora-clang | 1.0.4 | 102.79 | NOTE | |||
r-devel-linux-x86_64-fedora-gcc | 1.0.4 | 92.17 | NOTE | |||
r-devel-windows-ix86+x86_64 | 1.0.4 | 18.00 | 94.00 | 112.00 | OK | |
r-patched-linux-x86_64 | 1.0.4 | 7.74 | 65.88 | 73.62 | NOTE | |
r-patched-solaris-x86 | 1.0.4 | 128.60 | NOTE | |||
r-release-linux-x86_64 | 1.0.4 | 7.14 | 66.29 | 73.43 | NOTE | |
r-release-macos-x86_64 | 1.0.4 | OK | ||||
r-release-windows-ix86+x86_64 | 1.0.4 | 25.00 | 97.00 | 122.00 | OK | |
r-oldrel-macos-x86_64 | 1.0.4 | OK | ||||
r-oldrel-windows-ix86+x86_64 | 1.0.4 | 14.00 | 91.00 | 105.00 | OK |
Version: 1.0.4
Check: for non-standard things in the check directory
Result: NOTE
Found the following files/directories:
'test.csv'
Flavors: r-devel-linux-x86_64-debian-clang, r-devel-linux-x86_64-debian-gcc, r-devel-linux-x86_64-fedora-clang, r-devel-linux-x86_64-fedora-gcc, r-patched-linux-x86_64, r-patched-solaris-x86, r-release-linux-x86_64