Last updated on 2021-01-25 00:48:12 CET.
Flavor | Version | Tinstall | Tcheck | Ttotal | Status | Flags |
---|---|---|---|---|---|---|
r-devel-linux-x86_64-debian-clang | 2.0.0 | 5.82 | 56.57 | 62.39 | NOTE | |
r-devel-linux-x86_64-debian-gcc | 2.0.0 | 4.12 | 44.29 | 48.41 | NOTE | |
r-devel-linux-x86_64-fedora-clang | 2.0.0 | 84.11 | NOTE | |||
r-devel-linux-x86_64-fedora-gcc | 2.0.0 | 75.31 | NOTE | |||
r-devel-windows-ix86+x86_64 | 2.0.0 | 10.00 | 86.00 | 96.00 | NOTE | |
r-patched-linux-x86_64 | 2.0.0 | 5.35 | 54.61 | 59.96 | NOTE | |
r-patched-solaris-x86 | 2.0.0 | 95.90 | NOTE | |||
r-release-linux-x86_64 | 2.0.0 | 5.43 | 54.55 | 59.98 | NOTE | |
r-release-macos-x86_64 | 2.0.0 | NOTE | ||||
r-release-windows-ix86+x86_64 | 2.0.0 | 24.00 | 90.00 | 114.00 | NOTE | |
r-oldrel-macos-x86_64 | 2.0.0 | NOTE | ||||
r-oldrel-windows-ix86+x86_64 | 2.0.0 | 7.00 | 84.00 | 91.00 | NOTE |
Version: 2.0.0
Check: for non-standard things in the check directory
Result: NOTE
Found the following files/directories:
'myhtmlcode.html'
Flavors: r-devel-linux-x86_64-debian-clang, r-devel-linux-x86_64-debian-gcc, r-devel-linux-x86_64-fedora-clang, r-devel-linux-x86_64-fedora-gcc, r-patched-linux-x86_64, r-patched-solaris-x86, r-release-linux-x86_64
Version: 2.0.0
Check: installed package size
Result: NOTE
installed size is 6.0Mb
sub-directories of 1Mb or more:
doc 5.8Mb
Flavors: r-devel-linux-x86_64-fedora-clang, r-devel-windows-ix86+x86_64, r-patched-solaris-x86, r-release-macos-x86_64, r-release-windows-ix86+x86_64, r-oldrel-macos-x86_64, r-oldrel-windows-ix86+x86_64
Version: 2.0.0
Check: dependencies in R code
Result: NOTE
Namespace in Imports field not imported from: ‘shiny’
All declared Imports should be used.
Flavors: r-devel-linux-x86_64-fedora-clang, r-devel-linux-x86_64-fedora-gcc, r-patched-solaris-x86, r-release-macos-x86_64, r-oldrel-macos-x86_64