Last updated on 2021-01-25 00:48:12 CET.
Flavor | Version | Tinstall | Tcheck | Ttotal | Status | Flags |
---|---|---|---|---|---|---|
r-devel-linux-x86_64-debian-clang | 3.0.5 | 7.79 | 123.57 | 131.36 | OK | |
r-devel-linux-x86_64-debian-gcc | 3.0.5 | 6.46 | 92.91 | 99.37 | OK | |
r-devel-linux-x86_64-fedora-clang | 3.0.5 | 160.20 | OK | |||
r-devel-linux-x86_64-fedora-gcc | 3.0.5 | 152.73 | OK | |||
r-devel-windows-ix86+x86_64 | 3.0.5 | 17.00 | 172.00 | 189.00 | OK | |
r-patched-linux-x86_64 | 3.0.5 | 8.50 | 124.22 | 132.72 | OK | |
r-patched-solaris-x86 | 3.0.5 | 198.50 | WARN | |||
r-release-linux-x86_64 | 3.0.5 | 6.51 | 126.47 | 132.98 | OK | |
r-release-macos-x86_64 | 3.0.5 | WARN | ||||
r-release-windows-ix86+x86_64 | 3.0.5 | 17.00 | 132.00 | 149.00 | OK | |
r-oldrel-macos-x86_64 | 3.0.5 | WARN | ||||
r-oldrel-windows-ix86+x86_64 | 3.0.5 | 13.00 | 144.00 | 157.00 | OK |
Version: 3.0.5
Check: re-building of vignette outputs
Result: WARN
Error(s) in re-building vignettes:
...
--- re-building ‘extending.Rmd’ using rmarkdown
Warning in engine$weave(file, quiet = quiet, encoding = enc) :
Pandoc (>= 1.12.3) and/or pandoc-citeproc not available. Falling back to R Markdown v1.
--- finished re-building ‘extending.Rmd’
--- re-building ‘formats.Rmd’ using rmarkdown
Warning in engine$weave(file, quiet = quiet, encoding = enc) :
Pandoc (>= 1.12.3) and/or pandoc-citeproc not available. Falling back to R Markdown v1.
Quitting from lines 102-103 (formats.Rmd)
Error: processing vignette 'formats.Rmd' failed with diagnostics:
there is no package called 'webshot'
--- failed re-building ‘formats.Rmd’
--- re-building ‘invariants.Rmd’ using rmarkdown
Warning in engine$weave(file, quiet = quiet, encoding = enc) :
Pandoc (>= 1.12.3) and/or pandoc-citeproc not available. Falling back to R Markdown v1.
--- finished re-building ‘invariants.Rmd’
--- re-building ‘tibble.Rmd’ using rmarkdown
Warning in engine$weave(file, quiet = quiet, encoding = enc) :
Pandoc (>= 1.12.3) and/or pandoc-citeproc not available. Falling back to R Markdown v1.
--- finished re-building ‘tibble.Rmd’
--- re-building ‘types.Rmd’ using rmarkdown
Warning in engine$weave(file, quiet = quiet, encoding = enc) :
Pandoc (>= 1.12.3) and/or pandoc-citeproc not available. Falling back to R Markdown v1.
--- finished re-building ‘types.Rmd’
SUMMARY: processing the following file failed:
‘formats.Rmd’
Error: Vignette re-building failed.
Execution halted
Flavor: r-patched-solaris-x86
Version: 3.0.5
Check: re-building of vignette outputs
Result: WARN
Error(s) in re-building vignettes:
--- re-building ‘extending.Rmd’ using rmarkdown
Warning in engine$weave(file, quiet = quiet, encoding = enc) :
Pandoc (>= 1.12.3) and/or pandoc-citeproc not available. Falling back to R Markdown v1.
--- finished re-building ‘extending.Rmd’
--- re-building ‘formats.Rmd’ using rmarkdown
Warning in engine$weave(file, quiet = quiet, encoding = enc) :
Pandoc (>= 1.12.3) and/or pandoc-citeproc not available. Falling back to R Markdown v1.
Quitting from lines 102-103 (formats.Rmd)
Error: processing vignette 'formats.Rmd' failed with diagnostics:
cannot open the connection
--- failed re-building ‘formats.Rmd’
--- re-building ‘invariants.Rmd’ using rmarkdown
Warning in engine$weave(file, quiet = quiet, encoding = enc) :
Pandoc (>= 1.12.3) and/or pandoc-citeproc not available. Falling back to R Markdown v1.
--- finished re-building ‘invariants.Rmd’
--- re-building ‘tibble.Rmd’ using rmarkdown
Warning in engine$weave(file, quiet = quiet, encoding = enc) :
Pandoc (>= 1.12.3) and/or pandoc-citeproc not available. Falling back to R Markdown v1.
--- finished re-building ‘tibble.Rmd’
--- re-building ‘types.Rmd’ using rmarkdown
Warning in engine$weave(file, quiet = quiet, encoding = enc) :
Pandoc (>= 1.12.3) and/or pandoc-citeproc not available. Falling back to R Markdown v1.
--- finished re-building ‘types.Rmd’
SUMMARY: processing the following file failed:
‘formats.Rmd’
Error: Vignette re-building failed.
Execution halted
Flavors: r-release-macos-x86_64, r-oldrel-macos-x86_64