CRAN Package Check Results for Package tidytransit

Last updated on 2021-01-25 00:48:12 CET.

Flavor Version Tinstall Tcheck Ttotal Status Flags
r-devel-linux-x86_64-debian-clang 0.7.2 9.28 281.54 290.82 OK
r-devel-linux-x86_64-debian-gcc 0.7.2 8.84 210.76 219.60 OK
r-devel-linux-x86_64-fedora-clang 0.7.2 301.87 NOTE
r-devel-linux-x86_64-fedora-gcc 0.7.2 290.11 NOTE
r-devel-windows-ix86+x86_64 0.7.2 21.00 276.00 297.00 NOTE
r-patched-linux-x86_64 0.7.2 8.35 269.49 277.84 OK
r-patched-solaris-x86 0.7.2 456.10 NOTE
r-release-linux-x86_64 0.7.2 9.86 269.46 279.32 OK
r-release-macos-x86_64 0.7.2 NOTE
r-release-windows-ix86+x86_64 0.7.2 37.00 281.00 318.00 NOTE
r-oldrel-macos-x86_64 0.7.2 NOTE
r-oldrel-windows-ix86+x86_64 0.7.2 15.00 270.00 285.00 NOTE

Check Details

Version: 0.7.2
Check: installed package size
Result: NOTE
     installed size is 6.3Mb
     sub-directories of 1Mb or more:
     doc 1.3Mb
     extdata 4.4Mb
Flavors: r-devel-linux-x86_64-fedora-clang, r-devel-windows-ix86+x86_64, r-patched-solaris-x86, r-release-macos-x86_64, r-release-windows-ix86+x86_64, r-oldrel-macos-x86_64, r-oldrel-windows-ix86+x86_64

Version: 0.7.2
Check: data for non-ASCII characters
Result: NOTE
     Note: found 62 marked UTF-8 strings
Flavors: r-devel-linux-x86_64-fedora-clang, r-devel-linux-x86_64-fedora-gcc, r-patched-solaris-x86, r-release-macos-x86_64, r-oldrel-macos-x86_64