CRAN Package Check Results for Package timevis

Last updated on 2021-01-25 00:48:12 CET.

Flavor Version Tinstall Tcheck Ttotal Status Flags
r-devel-linux-x86_64-debian-clang 1.0.0 3.09 40.53 43.62 OK
r-devel-linux-x86_64-debian-gcc 1.0.0 2.57 32.19 34.76 OK
r-devel-linux-x86_64-fedora-clang 1.0.0 61.56 NOTE
r-devel-linux-x86_64-fedora-gcc 1.0.0 51.34 NOTE
r-devel-windows-ix86+x86_64 1.0.0 9.00 68.00 77.00 OK
r-patched-linux-x86_64 1.0.0 3.33 39.53 42.86 OK
r-patched-solaris-x86 1.0.0 78.30 NOTE
r-release-linux-x86_64 1.0.0 3.18 39.57 42.75 OK
r-release-macos-x86_64 1.0.0 NOTE
r-release-windows-ix86+x86_64 1.0.0 27.00 71.00 98.00 OK
r-oldrel-macos-x86_64 1.0.0 NOTE
r-oldrel-windows-ix86+x86_64 1.0.0 6.00 63.00 69.00 OK

Check Details

Version: 1.0.0
Check: dependencies in R code
Result: NOTE
    Namespace in Imports field not imported from: ‘lubridate’
     All declared Imports should be used.
Flavors: r-devel-linux-x86_64-fedora-clang, r-devel-linux-x86_64-fedora-gcc, r-patched-solaris-x86, r-release-macos-x86_64, r-oldrel-macos-x86_64