Last updated on 2021-01-25 00:48:12 CET.
Flavor | Version | Tinstall | Tcheck | Ttotal | Status | Flags |
---|---|---|---|---|---|---|
r-devel-linux-x86_64-debian-clang | 1.0.2 | 118.75 | 121.41 | 240.16 | OK | |
r-devel-linux-x86_64-debian-gcc | 1.0.2 | 97.07 | 96.49 | 193.56 | OK | |
r-devel-linux-x86_64-fedora-clang | 1.0.2 | 308.83 | NOTE | |||
r-devel-linux-x86_64-fedora-gcc | 1.0.2 | 316.48 | OK | |||
r-devel-windows-ix86+x86_64 | 1.0.2 | 259.00 | 234.00 | 493.00 | OK | |
r-patched-linux-x86_64 | 1.0.2 | 89.04 | 116.53 | 205.57 | OK | |
r-patched-solaris-x86 | 1.0.2 | 350.90 | OK | |||
r-release-linux-x86_64 | 1.0.2 | 84.19 | 117.07 | 201.26 | OK | |
r-release-macos-x86_64 | 1.0.2 | NOTE | ||||
r-release-windows-ix86+x86_64 | 1.0.2 | 264.00 | 230.00 | 494.00 | OK | |
r-oldrel-macos-x86_64 | 1.0.2 | NOTE | ||||
r-oldrel-windows-ix86+x86_64 | 1.0.2 | 217.00 | 210.00 | 427.00 | OK |
Version: 1.0.2
Check: installed package size
Result: NOTE
installed size is 29.5Mb
sub-directories of 1Mb or more:
libs 29.2Mb
Flavors: r-devel-linux-x86_64-fedora-clang, r-release-macos-x86_64, r-oldrel-macos-x86_64