Last updated on 2021-01-25 00:48:12 CET.
Flavor | Version | Tinstall | Tcheck | Ttotal | Status | Flags |
---|---|---|---|---|---|---|
r-devel-linux-x86_64-debian-clang | 0.3 | 23.61 | 25.50 | 49.11 | OK | |
r-devel-linux-x86_64-debian-gcc | 0.3 | 14.86 | 20.72 | 35.58 | OK | |
r-devel-linux-x86_64-fedora-clang | 0.3 | 75.51 | NOTE | |||
r-devel-linux-x86_64-fedora-gcc | 0.3 | 60.59 | NOTE | |||
r-devel-windows-ix86+x86_64 | 0.3 | 62.00 | 66.00 | 128.00 | OK | |
r-patched-linux-x86_64 | 0.3 | 18.93 | 25.07 | 44.00 | OK | |
r-patched-solaris-x86 | 0.3 | 70.20 | OK | |||
r-release-linux-x86_64 | 0.3 | 20.98 | 25.20 | 46.18 | OK | |
r-release-macos-x86_64 | 0.3 | NOTE | ||||
r-release-windows-ix86+x86_64 | 0.3 | 50.00 | 64.00 | 114.00 | OK | |
r-oldrel-macos-x86_64 | 0.3 | NOTE | ||||
r-oldrel-windows-ix86+x86_64 | 0.3 | 45.00 | 60.00 | 105.00 | OK |
Version: 0.3
Check: compiled code
Result: NOTE
File ‘tmg/libs/tmg.so’:
Found no calls to: ‘R_registerRoutines’, ‘R_useDynamicSymbols’
It is good practice to register native routines and to disable symbol
search.
See ‘Writing portable packages’ in the ‘Writing R Extensions’ manual.
Flavors: r-devel-linux-x86_64-fedora-clang, r-devel-linux-x86_64-fedora-gcc
Version: 0.3
Check: installed package size
Result: NOTE
installed size is 5.1Mb
sub-directories of 1Mb or more:
libs 4.8Mb
Flavors: r-release-macos-x86_64, r-oldrel-macos-x86_64