CRAN Package Check Results for Package trapezoid

Last updated on 2021-01-25 00:48:13 CET.

Flavor Version Tinstall Tcheck Ttotal Status Flags
r-devel-linux-x86_64-debian-clang 2.0-0 2.39 32.31 34.70 NOTE
r-devel-linux-x86_64-debian-gcc 2.0-0 2.00 25.43 27.43 NOTE
r-devel-linux-x86_64-fedora-clang 2.0-0 51.30 NOTE
r-devel-linux-x86_64-fedora-gcc 2.0-0 42.11 NOTE
r-devel-windows-ix86+x86_64 2.0-0 7.00 61.00 68.00 NOTE
r-patched-linux-x86_64 2.0-0 2.64 30.93 33.57 NOTE
r-patched-solaris-x86 2.0-0 58.80 NOTE
r-release-linux-x86_64 2.0-0 2.59 31.18 33.77 NOTE
r-release-macos-x86_64 2.0-0 NOTE
r-release-windows-ix86+x86_64 2.0-0 6.00 62.00 68.00 NOTE
r-oldrel-macos-x86_64 2.0-0 NOTE
r-oldrel-windows-ix86+x86_64 2.0-0 5.00 63.00 68.00 NOTE

Check Details

Version: 2.0-0
Check: R code for possible problems
Result: NOTE
    rtrapezoid: no visible global function definition for 'runif'
    Undefined global functions or variables:
     runif
    Consider adding
     importFrom("stats", "runif")
    to your NAMESPACE file.
Flavors: r-devel-linux-x86_64-debian-clang, r-devel-linux-x86_64-debian-gcc, r-devel-linux-x86_64-fedora-clang, r-devel-linux-x86_64-fedora-gcc, r-devel-windows-ix86+x86_64, r-patched-linux-x86_64, r-patched-solaris-x86, r-release-linux-x86_64, r-release-macos-x86_64, r-release-windows-ix86+x86_64, r-oldrel-macos-x86_64, r-oldrel-windows-ix86+x86_64

Version: 2.0-0
Check: compiled code
Result: NOTE
    File ‘trapezoid/libs/trapezoid.so’:
     Found no calls to: ‘R_registerRoutines’, ‘R_useDynamicSymbols’
    
    It is good practice to register native routines and to disable symbol
    search.
    
    See ‘Writing portable packages’ in the ‘Writing R Extensions’ manual.
Flavors: r-devel-linux-x86_64-fedora-clang, r-devel-linux-x86_64-fedora-gcc