CRAN Package Check Results for Package treeclim

Last updated on 2021-01-25 00:48:13 CET.

Flavor Version Tinstall Tcheck Ttotal Status Flags
r-devel-linux-x86_64-debian-clang 2.0.5.1 129.10 167.67 296.77 OK
r-devel-linux-x86_64-debian-gcc 2.0.5.1 86.89 119.22 206.11 OK
r-devel-linux-x86_64-fedora-clang 2.0.5.1 381.86 NOTE
r-devel-linux-x86_64-fedora-gcc 2.0.5.1 357.05 OK
r-devel-windows-ix86+x86_64 2.0.5.1 306.00 307.00 613.00 OK
r-patched-linux-x86_64 2.0.5.1 98.65 152.69 251.34 OK
r-patched-solaris-x86 2.0.5.1 392.40 OK
r-release-linux-x86_64 2.0.5.1 105.72 153.33 259.05 OK
r-release-macos-x86_64 2.0.5.1 OK
r-release-windows-ix86+x86_64 2.0.5.1 269.00 303.00 572.00 OK
r-oldrel-macos-x86_64 2.0.5.1 OK
r-oldrel-windows-ix86+x86_64 2.0.5.1 233.00 277.00 510.00 OK

Check Details

Version: 2.0.5.1
Check: installed package size
Result: NOTE
     installed size is 5.7Mb
     sub-directories of 1Mb or more:
     libs 5.4Mb
Flavor: r-devel-linux-x86_64-fedora-clang

Version: 2.0.5.1
Check: Rd cross-references
Result: NOTE
    Undeclared package ‘dplR’ in Rd xrefs
Flavor: r-devel-linux-x86_64-fedora-clang