Last updated on 2021-01-25 00:48:13 CET.
Flavor | Version | Tinstall | Tcheck | Ttotal | Status | Flags |
---|---|---|---|---|---|---|
r-devel-linux-x86_64-debian-clang | 0.1.10 | 67.94 | 151.32 | 219.26 | OK | |
r-devel-linux-x86_64-debian-gcc | 0.1.10 | 44.46 | 125.29 | 169.75 | OK | |
r-devel-linux-x86_64-fedora-clang | 0.1.10 | 279.16 | NOTE | |||
r-devel-linux-x86_64-fedora-gcc | 0.1.10 | 255.61 | OK | |||
r-devel-windows-ix86+x86_64 | 0.1.10 | 139.00 | 302.00 | 441.00 | OK | |
r-patched-linux-x86_64 | 0.1.10 | 57.35 | 147.55 | 204.90 | OK | |
r-patched-solaris-x86 | 0.1.10 | 345.50 | OK | |||
r-release-linux-x86_64 | 0.1.10 | 55.08 | 145.64 | 200.72 | OK | |
r-release-macos-x86_64 | 0.1.10 | NOTE | ||||
r-release-windows-ix86+x86_64 | 0.1.10 | 139.00 | 293.00 | 432.00 | OK | |
r-oldrel-macos-x86_64 | 0.1.10 | NOTE | ||||
r-oldrel-windows-ix86+x86_64 | 0.1.10 | 127.00 | 283.00 | 410.00 | OK |
Version: 0.1.10
Check: installed package size
Result: NOTE
installed size is 5.9Mb
sub-directories of 1Mb or more:
libs 5.5Mb
Flavors: r-devel-linux-x86_64-fedora-clang, r-release-macos-x86_64, r-oldrel-macos-x86_64