CRAN Package Check Results for Package varycoef

Last updated on 2021-01-25 00:48:13 CET.

Flavor Version Tinstall Tcheck Ttotal Status Flags
r-devel-linux-x86_64-debian-clang 0.3.0 17.57 327.81 345.38 OK
r-devel-linux-x86_64-debian-gcc 0.3.0 14.51 251.75 266.26 OK
r-devel-linux-x86_64-fedora-clang 0.3.0 455.74 NOTE
r-devel-linux-x86_64-fedora-gcc 0.3.0 424.65 NOTE
r-devel-windows-ix86+x86_64 0.3.0 41.00 506.00 547.00 OK
r-patched-linux-x86_64 0.3.0 16.97 313.72 330.69 OK
r-patched-solaris-x86 0.3.0 858.60 NOTE
r-release-linux-x86_64 0.3.0 19.15 315.82 334.97 OK
r-release-macos-x86_64 0.3.0 NOTE
r-release-windows-ix86+x86_64 0.3.0 40.00 349.00 389.00 OK
r-oldrel-macos-x86_64 0.3.0 NOTE
r-oldrel-windows-ix86+x86_64 0.3.0 32.00 470.00 502.00 OK

Check Details

Version: 0.3.0
Check: dependencies in R code
Result: NOTE
    Namespace in Imports field not imported from: ‘DiceKriging’
     All declared Imports should be used.
Flavors: r-devel-linux-x86_64-fedora-clang, r-devel-linux-x86_64-fedora-gcc, r-patched-solaris-x86, r-release-macos-x86_64, r-oldrel-macos-x86_64