CRAN Package Check Results for Package vip

Last updated on 2021-01-25 00:48:13 CET.

Flavor Version Tinstall Tcheck Ttotal Status Flags
r-devel-linux-x86_64-debian-clang 0.3.2 4.35 177.33 181.68 OK
r-devel-linux-x86_64-debian-gcc 0.3.2 2.87 124.37 127.24 OK
r-devel-linux-x86_64-fedora-clang 0.3.2 208.28 NOTE
r-devel-linux-x86_64-fedora-gcc 0.3.2 202.29 OK
r-devel-windows-ix86+x86_64 0.3.2 9.00 197.00 206.00 OK
r-patched-linux-x86_64 0.3.2 4.39 153.42 157.81 OK
r-patched-solaris-x86 0.3.2 357.60 OK
r-release-linux-x86_64 0.3.2 4.09 153.98 158.07 OK
r-release-macos-x86_64 0.3.2 OK
r-release-windows-ix86+x86_64 0.3.2 27.00 200.00 227.00 OK
r-oldrel-macos-x86_64 0.3.2 OK
r-oldrel-windows-ix86+x86_64 0.3.2 6.00 170.00 176.00 OK

Check Details

Version: 0.3.2
Check: Rd cross-references
Result: NOTE
    Undeclared package ‘foreach’ in Rd xrefs
Flavor: r-devel-linux-x86_64-fedora-clang