CRAN Package Check Results for Package vistime

Last updated on 2021-01-25 00:48:13 CET.

Flavor Version Tinstall Tcheck Ttotal Status Flags
r-devel-linux-x86_64-debian-clang 1.1.0 7.93 90.87 98.80 OK
r-devel-linux-x86_64-debian-gcc 1.1.0 6.86 68.42 75.28 OK
r-devel-linux-x86_64-fedora-clang 1.1.0 136.32 OK
r-devel-linux-x86_64-fedora-gcc 1.1.0 115.66 OK
r-devel-windows-ix86+x86_64 1.1.0 23.00 117.00 140.00 OK
r-patched-linux-x86_64 1.1.0 8.42 84.30 92.72 OK
r-patched-solaris-x86 1.1.0 163.80 WARN
r-release-linux-x86_64 1.1.0 7.51 84.12 91.63 OK
r-release-macos-x86_64 1.1.0 WARN
r-release-windows-ix86+x86_64 1.1.0 21.00 132.00 153.00 OK
r-oldrel-macos-x86_64 1.1.0 WARN
r-oldrel-windows-ix86+x86_64 1.1.0 15.00 116.00 131.00 OK

Check Details

Version: 1.1.0
Check: installed package size
Result: NOTE
     installed size is 5.0Mb
     sub-directories of 1Mb or more:
     doc 4.7Mb
Flavor: r-patched-solaris-x86

Version: 1.1.0
Check: re-building of vignette outputs
Result: WARN
    Error(s) in re-building vignettes:
     ...
    --- re-building ‘vistime-vignette.Rmd’ using rmarkdown
    Warning in engine$weave(file, quiet = quiet, encoding = enc) :
     Pandoc (>= 1.12.3) and/or pandoc-citeproc not available. Falling back to R Markdown v1.
    Quitting from lines 40-43 (vistime-vignette.Rmd)
    Error: processing vignette 'vistime-vignette.Rmd' failed with diagnostics:
    there is no package called 'webshot'
    --- failed re-building ‘vistime-vignette.Rmd’
    
    SUMMARY: processing the following file failed:
     ‘vistime-vignette.Rmd’
    
    Error: Vignette re-building failed.
    Execution halted
Flavor: r-patched-solaris-x86

Version: 1.1.0
Check: re-building of vignette outputs
Result: WARN
    Error(s) in re-building vignettes:
     ...
    --- re-building ‘vistime-vignette.Rmd’ using rmarkdown
    Warning in engine$weave(file, quiet = quiet, encoding = enc) :
     Pandoc (>= 1.12.3) and/or pandoc-citeproc not available. Falling back to R Markdown v1.
    Warning: `arrange_()` is deprecated as of dplyr 0.7.0.
    Please use `arrange()` instead.
    See vignette('programming') for more help
    This warning is displayed once every 8 hours.
    Call `lifecycle::last_warnings()` to see where this warning was generated.
    Warning in normalizePath(f2) :
     path[1]="webshot11cf6e5f64.png": No such file or directory
    Warning in file(con, "rb") :
     cannot open file 'webshot11cf6e5f64.png': No such file or directory
    Quitting from lines 40-43 (vistime-vignette.Rmd)
    Error: processing vignette 'vistime-vignette.Rmd' failed with diagnostics:
    cannot open the connection
    --- failed re-building ‘vistime-vignette.Rmd’
    
    SUMMARY: processing the following file failed:
     ‘vistime-vignette.Rmd’
    
    Error: Vignette re-building failed.
    Execution halted
Flavor: r-release-macos-x86_64

Version: 1.1.0
Check: re-building of vignette outputs
Result: WARN
    Error(s) in re-building vignettes:
     ...
    --- re-building ‘vistime-vignette.Rmd’ using rmarkdown
    Warning in engine$weave(file, quiet = quiet, encoding = enc) :
     Pandoc (>= 1.12.3) and/or pandoc-citeproc not available. Falling back to R Markdown v1.
    Warning: `arrange_()` is deprecated as of dplyr 0.7.0.
    Please use `arrange()` instead.
    See vignette('programming') for more help
    This warning is displayed once every 8 hours.
    Call `lifecycle::last_warnings()` to see where this warning was generated.
    Warning in normalizePath(f2) :
     path[1]="webshot346e51d0c2f8.png": No such file or directory
    Warning in file(con, "rb") :
     cannot open file 'webshot346e51d0c2f8.png': No such file or directory
    Quitting from lines 40-43 (vistime-vignette.Rmd)
    Error: processing vignette 'vistime-vignette.Rmd' failed with diagnostics:
    cannot open the connection
    --- failed re-building ‘vistime-vignette.Rmd’
    
    SUMMARY: processing the following file failed:
     ‘vistime-vignette.Rmd’
    
    Error: Vignette re-building failed.
    Execution halted
Flavor: r-oldrel-macos-x86_64