Last updated on 2021-01-25 00:48:13 CET.
Flavor | Version | Tinstall | Tcheck | Ttotal | Status | Flags |
---|---|---|---|---|---|---|
r-devel-linux-x86_64-debian-clang | 1.1.0 | 7.84 | 68.65 | 76.49 | OK | |
r-devel-linux-x86_64-debian-gcc | 1.1.0 | 6.34 | 51.71 | 58.05 | OK | |
r-devel-linux-x86_64-fedora-clang | 1.1.0 | 102.87 | OK | |||
r-devel-linux-x86_64-fedora-gcc | 1.1.0 | 89.33 | OK | |||
r-devel-windows-ix86+x86_64 | 1.1.0 | 19.00 | 89.00 | 108.00 | OK | |
r-patched-linux-x86_64 | 1.1.0 | 8.00 | 64.08 | 72.08 | OK | |
r-patched-solaris-x86 | 1.1.0 | 122.20 | NOTE | |||
r-release-linux-x86_64 | 1.1.0 | 7.71 | 63.95 | 71.66 | OK | |
r-release-macos-x86_64 | 1.1.0 | OK | ||||
r-release-windows-ix86+x86_64 | 1.1.0 | 39.00 | 102.00 | 141.00 | OK | |
r-oldrel-macos-x86_64 | 1.1.0 | OK | ||||
r-oldrel-windows-ix86+x86_64 | 1.1.0 | 13.00 | 88.00 | 101.00 | OK |
Version: 1.1.0
Check: package dependencies
Result: NOTE
Package suggested but not available for checking: ‘rcdk’
Flavor: r-patched-solaris-x86