Last updated on 2021-01-25 00:48:14 CET.
Flavor | Version | Tinstall | Tcheck | Ttotal | Status | Flags |
---|---|---|---|---|---|---|
r-devel-linux-x86_64-debian-clang | 0.1.0 | 3.07 | 28.27 | 31.34 | OK | |
r-devel-linux-x86_64-debian-gcc | 0.1.0 | 2.33 | 22.16 | 24.49 | OK | |
r-devel-linux-x86_64-fedora-clang | 0.1.0 | 48.26 | NOTE | |||
r-devel-linux-x86_64-fedora-gcc | 0.1.0 | 36.67 | NOTE | |||
r-devel-windows-ix86+x86_64 | 0.1.0 | 7.00 | 42.00 | 49.00 | OK | |
r-patched-linux-x86_64 | 0.1.0 | 1.81 | 27.27 | 29.08 | OK | |
r-patched-solaris-x86 | 0.1.0 | 52.70 | NOTE | |||
r-release-linux-x86_64 | 0.1.0 | 1.78 | 27.47 | 29.25 | OK | |
r-release-macos-x86_64 | 0.1.0 | NOTE | ||||
r-release-windows-ix86+x86_64 | 0.1.0 | 7.00 | 48.00 | 55.00 | OK | |
r-oldrel-macos-x86_64 | 0.1.0 | NOTE | ||||
r-oldrel-windows-ix86+x86_64 | 0.1.0 | 4.00 | 44.00 | 48.00 | OK |
Version: 0.1.0
Check: data for non-ASCII characters
Result: NOTE
Note: found 6738 marked UTF-8 strings
Flavors: r-devel-linux-x86_64-fedora-clang, r-devel-linux-x86_64-fedora-gcc, r-patched-solaris-x86, r-release-macos-x86_64, r-oldrel-macos-x86_64