Last updated on 2021-01-25 00:48:14 CET.
Flavor | Version | Tinstall | Tcheck | Ttotal | Status | Flags |
---|---|---|---|---|---|---|
r-devel-linux-x86_64-debian-clang | 0.1.2 | 2.82 | 40.83 | 43.65 | NOTE | |
r-devel-linux-x86_64-debian-gcc | 0.1.2 | 2.08 | 31.55 | 33.63 | NOTE | |
r-devel-linux-x86_64-fedora-clang | 0.1.2 | 63.21 | NOTE | |||
r-devel-linux-x86_64-fedora-gcc | 0.1.2 | 51.58 | NOTE | |||
r-devel-windows-ix86+x86_64 | 0.1.2 | 6.00 | 58.00 | 64.00 | OK | |
r-patched-linux-x86_64 | 0.1.2 | 2.69 | 38.34 | 41.03 | NOTE | |
r-patched-solaris-x86 | 0.1.2 | 76.30 | NOTE | |||
r-release-linux-x86_64 | 0.1.2 | 2.76 | 38.18 | 40.94 | NOTE | |
r-release-macos-x86_64 | 0.1.2 | OK | ||||
r-release-windows-ix86+x86_64 | 0.1.2 | 8.00 | 58.00 | 66.00 | OK | |
r-oldrel-macos-x86_64 | 0.1.2 | OK | ||||
r-oldrel-windows-ix86+x86_64 | 0.1.2 | 4.00 | 50.00 | 54.00 | OK |
Version: 0.1.2
Check: for non-standard things in the check directory
Result: NOTE
Found the following files/directories:
'xgb.txt'
Flavors: r-devel-linux-x86_64-debian-clang, r-devel-linux-x86_64-debian-gcc, r-devel-linux-x86_64-fedora-clang, r-devel-linux-x86_64-fedora-gcc, r-patched-linux-x86_64, r-patched-solaris-x86, r-release-linux-x86_64